{"id":1284,"date":"2023-04-25T10:04:55","date_gmt":"2023-04-25T08:04:55","guid":{"rendered":"https:\/\/web.msh-lse.fr\/taxis-clandos\/?page_id=1284"},"modified":"2023-05-26T11:00:29","modified_gmt":"2023-05-26T09:00:29","slug":"projet","status":"publish","type":"page","link":"https:\/\/web.msh-lse.fr\/taxis-clandos\/projet\/","title":{"rendered":"Projet"},"content":{"rendered":"\t\t<div data-elementor-type=\"wp-page\" data-elementor-id=\"1284\" class=\"elementor elementor-1284\" data-elementor-post-type=\"page\">\n\t\t\t\t\t\t<section class=\"elementor-section elementor-top-section elementor-element elementor-element-8828dd8 elementor-section-height-min-height elementor-section-items-bottom elementor-section-boxed elementor-section-height-default\" data-id=\"8828dd8\" data-element_type=\"section\" data-e-type=\"section\" data-settings=\"{&quot;background_background&quot;:&quot;classic&quot;}\">\n\t\t\t\t\t\t\t<div class=\"elementor-background-overlay\"><\/div>\n\t\t\t\t\t\t\t<div class=\"elementor-container elementor-column-gap-default\">\n\t\t\t\t\t<div class=\"elementor-column elementor-col-50 elementor-top-column elementor-element elementor-element-6d43801\" data-id=\"6d43801\" data-element_type=\"column\" data-e-type=\"column\">\n\t\t\t<div class=\"elementor-widget-wrap elementor-element-populated\">\n\t\t\t\t\t\t<div class=\"elementor-element elementor-element-9a9b4e4 elementor-hidden-phone elementor-widget elementor-widget-spacer\" data-id=\"9a9b4e4\" data-element_type=\"widget\" data-e-type=\"widget\" data-widget_type=\"spacer.default\">\n\t\t\t\t<div class=\"elementor-widget-container\">\n\t\t\t\t\t\t\t<div class=\"elementor-spacer\">\n\t\t\t<div class=\"elementor-spacer-inner\"><\/div>\n\t\t<\/div>\n\t\t\t\t\t\t<\/div>\n\t\t\t\t<\/div>\n\t\t\t\t\t<\/div>\n\t\t<\/div>\n\t\t\t\t<div class=\"elementor-column elementor-col-50 elementor-top-column elementor-element elementor-element-da860e5\" data-id=\"da860e5\" data-element_type=\"column\" data-e-type=\"column\">\n\t\t\t<div class=\"elementor-widget-wrap\">\n\t\t\t\t\t\t\t<\/div>\n\t\t<\/div>\n\t\t\t\t\t<\/div>\n\t\t<\/section>\n\t\t\t\t<section class=\"elementor-section elementor-top-section elementor-element elementor-element-34b828a elementor-reverse-mobile elementor-section-boxed elementor-section-height-default elementor-section-height-default\" data-id=\"34b828a\" data-element_type=\"section\" data-e-type=\"section\">\n\t\t\t\t\t\t<div class=\"elementor-container elementor-column-gap-default\">\n\t\t\t\t\t<div class=\"elementor-column elementor-col-50 elementor-top-column elementor-element elementor-element-aef019a\" data-id=\"aef019a\" data-element_type=\"column\" data-e-type=\"column\">\n\t\t\t<div class=\"elementor-widget-wrap elementor-element-populated\">\n\t\t\t\t\t\t<div class=\"elementor-element elementor-element-10a8d9a elementor-widget elementor-widget-heading\" data-id=\"10a8d9a\" data-element_type=\"widget\" data-e-type=\"widget\" data-widget_type=\"heading.default\">\n\t\t\t\t<div class=\"elementor-widget-container\">\n\t\t\t\t\t<h2 class=\"elementor-heading-title elementor-size-default\">Le Projet<\/h2>\t\t\t\t<\/div>\n\t\t\t\t<\/div>\n\t\t\t\t<div class=\"elementor-element elementor-element-aa6e41c elementor-widget-divider--view-line_text elementor-widget-divider--element-align-right elementor-widget elementor-widget-divider\" data-id=\"aa6e41c\" data-element_type=\"widget\" data-e-type=\"widget\" data-widget_type=\"divider.default\">\n\t\t\t\t<div class=\"elementor-widget-container\">\n\t\t\t\t\t\t\t<div class=\"elementor-divider\">\n\t\t\t<span class=\"elementor-divider-separator\">\n\t\t\t\t\t\t<\/span>\n\t\t<\/div>\n\t\t\t\t\t\t<\/div>\n\t\t\t\t<\/div>\n\t\t\t\t\t<\/div>\n\t\t<\/div>\n\t\t\t\t<div class=\"elementor-column elementor-col-50 elementor-top-column elementor-element elementor-element-beed6a0\" data-id=\"beed6a0\" data-element_type=\"column\" data-e-type=\"column\" data-settings=\"{&quot;background_background&quot;:&quot;classic&quot;}\">\n\t\t\t<div class=\"elementor-widget-wrap\">\n\t\t\t\t\t\t\t<\/div>\n\t\t<\/div>\n\t\t\t\t\t<\/div>\n\t\t<\/section>\n\t\t\t\t<section class=\"elementor-section elementor-top-section elementor-element elementor-element-b625db2 elementor-section-boxed elementor-section-height-default elementor-section-height-default\" data-id=\"b625db2\" data-element_type=\"section\" data-e-type=\"section\" data-settings=\"{&quot;background_background&quot;:&quot;classic&quot;}\">\n\t\t\t\t\t\t<div class=\"elementor-container elementor-column-gap-default\">\n\t\t\t\t\t<div class=\"elementor-column elementor-col-100 elementor-top-column elementor-element elementor-element-c4ba45f\" data-id=\"c4ba45f\" data-element_type=\"column\" data-e-type=\"column\" data-settings=\"{&quot;background_background&quot;:&quot;classic&quot;}\">\n\t\t\t<div class=\"elementor-widget-wrap elementor-element-populated\">\n\t\t\t\t\t\t<div class=\"elementor-element elementor-element-5236828 elementor-widget__width-initial elementor-widget elementor-widget-text-editor\" data-id=\"5236828\" data-element_type=\"widget\" data-e-type=\"widget\" data-widget_type=\"text-editor.default\">\n\t\t\t\t<div class=\"elementor-widget-container\">\n\t\t\t\t\t\t\t\t\t<p style=\"text-align: justify\">Etudier les mobilit\u00e9s urbaines en Afrique subsaharienne\u00a0: tel est l\u2019objet des travaux men\u00e9s dans le cadre d\u2019un partenariat entre le Laboratoire Am\u00e9nagement \u00c9conomie Transports (LAET) et l\u2019Institut de Gouvernance Territoriale et du D\u00e9veloppement Local de l\u2019Universit\u00e9 Cheikh Anta Diop de Dakar (UCAD). \u00c0 partir de l\u2019\u00e9tude des taxis clandestins de Dakar, l\u2019\u00e9quipe de recherche analyse l\u2019organisation, la r\u00e9gulation et les usages des services de transport informel, en lien avec la mobilit\u00e9 quotidienne.<\/p><p style=\"text-align: justify\">Cette recherche, initi\u00e9e par Ga\u00eble Lesteven\u00a0 et Pascal Pochet, chercheurs au LAET, est men\u00e9e en partenariat avec Pape Sakho, Momar Diongue et Dramane Cissokho, enseignants-chercheurs \u00e0 l\u2019UCAD. Financ\u00e9e par l\u2019ENTPE, cette recherche vise \u00e0 alimenter la r\u00e9flexion sur la fa\u00e7on dont les mobilit\u00e9s urbaines sont produites et pratiqu\u00e9es. Les villes des Suds, en particulier d\u2019Afrique subsaharienne, connaissent une dynamique de croissance importante qui se traduit par une forte expansion spatiale et des conditions de vie souvent pr\u00e9caires dans les p\u00e9riph\u00e9ries. Dans ce contexte o\u00f9 l\u2019acc\u00e8s \u00e0 la voiture particuli\u00e8re reste l\u2019apanage des m\u00e9nages ais\u00e9s, les syst\u00e8mes de transport public jouent un r\u00f4le fondamental dans l\u2019acc\u00e8s \u00e0 la ville. Des r\u00e9seaux de transport de masse comme le BRT (bus \u00e0 grande capacit\u00e9 circulant sur voie r\u00e9serv\u00e9e) ou le m\u00e9tro sont en construction dans diff\u00e9rentes villes pour r\u00e9pondre \u00e0 cette demande croissante. En parall\u00e8le, le transport informel continue d\u2019assurer une part importante des d\u00e9placements motoris\u00e9s.<\/p><p style=\"text-align: justify\">Le transport informel a un fonctionnement souple, le plus souvent sans horaires ni dur\u00e9es de service fixes. Il est produit par de nombreuses petites entreprises priv\u00e9es sans obligation contractuelle envers une autorit\u00e9 de r\u00e9gulation. Il adopte une vari\u00e9t\u00e9 de formes, perceptible \u00e0 la diversit\u00e9 des v\u00e9hicules utilis\u00e9s, des motos-taxis et tricycles en plein essor aux minibus et bus, en passant par les taxis collectifs. Cette diversit\u00e9 concerne \u00e9galement les modes d\u2019organisation, l\u2019\u00e9chelle \u00e0 laquelle se r\u00e9alise l\u2019activit\u00e9 et les mod\u00e8les \u00e9conomiques sous-jacents. Pr\u00e9sents dans de nombreuses villes d\u2019Afrique subsaharienne, les taxis collectifs clandestins (ou \u00ab\u00a0clandos\u00a0\u00bb) sont relativement m\u00e9connus dans leur organisation et leurs usages. Absents des documents officiels, les taxis clandos occupent pourtant l\u2019espace public, en particulier \u00e0 travers leurs itin\u00e9raires fixes et leurs lieux de prise en charge localement nomm\u00e9s \u00ab\u00a0garages \u00bb. Sans possibilit\u00e9 de r\u00e9gularisation, ils r\u00e9pondent \u00e0 des besoins de mobilit\u00e9 quotidienne croissants.<\/p><p style=\"text-align: justify\">L\u2019enjeu est d\u2019analyser la place des taxis clandos dans la mobilit\u00e9 quotidienne et d\u2019\u00e9tudier leur organisation. Pour ce faire, l\u2019\u00e9quipe mobilise plusieurs jeux de donn\u00e9es\u00a0: des analyses secondaires de l\u2019enqu\u00eate m\u00e9nages mobilit\u00e9 de Dakar (EMTASUD 2015)\u00a0et des enqu\u00eates r\u00e9alis\u00e9es lors de travail de terrain en 2021 et 2022\u00a0:<\/p><ul style=\"text-align: justify\"><li>Un recensement des garages de taxis clandos et un questionnaire sur leur organisation\u00a0;<\/li><li>Des enqu\u00eates, par questionnaire et entretiens, aupr\u00e8s des chauffeurs de taxis clandos\u00a0;<\/li><li>Une enqu\u00eate par entretien aupr\u00e8s d\u2019usagers de taxis clandos.<\/li><\/ul><p style=\"text-align: justify\">Les r\u00e9sultats montrent le r\u00f4le essentiel des taxis clandos dans la mobilit\u00e9 quotidienne, notamment en p\u00e9riph\u00e9rie. Dans la plupart des situations, les clandos sont compl\u00e9mentaires aux autres offres de transport public et gagneraient \u00e0 \u00eatre mieux int\u00e9gr\u00e9s aux strat\u00e9gies d&rsquo;am\u00e9nagement et de mobilit\u00e9 de l\u2019agglom\u00e9ration. L\u2019\u00e9tude des clandos de Dakar contribue \u00e0 alimenter des r\u00e9flexions sur la dynamique, le r\u00f4le et la gouvernance de l\u2019informalit\u00e9 dans les transports urbains, dans les villes des Suds mais aussi au Nord.<\/p><p style=\"text-align: justify\">Cette recherche s\u2019inscrit dans la continuit\u00e9 de travaux men\u00e9s par l\u2019\u00e9quipe sur les pratiques de mobilit\u00e9 quotidienne, les transformations de l\u2019offre de transport et les dynamiques urbaines, \u00e0 Dakar et en Afrique sub-saharienne.<\/p>\t\t\t\t\t\t\t\t<\/div>\n\t\t\t\t<\/div>\n\t\t\t\t\t<\/div>\n\t\t<\/div>\n\t\t\t\t\t<\/div>\n\t\t<\/section>\n\t\t\t\t<section class=\"elementor-section elementor-top-section elementor-element elementor-element-55b0320 elementor-section-boxed elementor-section-height-default elementor-section-height-default\" data-id=\"55b0320\" data-element_type=\"section\" data-e-type=\"section\">\n\t\t\t\t\t\t<div class=\"elementor-container elementor-column-gap-default\">\n\t\t\t\t\t<div class=\"elementor-column elementor-col-100 elementor-top-column elementor-element elementor-element-d740384\" data-id=\"d740384\" data-element_type=\"column\" data-e-type=\"column\">\n\t\t\t<div class=\"elementor-widget-wrap elementor-element-populated\">\n\t\t\t\t\t\t<div class=\"elementor-element elementor-element-02da4db elementor-widget elementor-widget-spacer\" data-id=\"02da4db\" data-element_type=\"widget\" data-e-type=\"widget\" data-widget_type=\"spacer.default\">\n\t\t\t\t<div class=\"elementor-widget-container\">\n\t\t\t\t\t\t\t<div class=\"elementor-spacer\">\n\t\t\t<div class=\"elementor-spacer-inner\"><\/div>\n\t\t<\/div>\n\t\t\t\t\t\t<\/div>\n\t\t\t\t<\/div>\n\t\t\t\t\t<\/div>\n\t\t<\/div>\n\t\t\t\t\t<\/div>\n\t\t<\/section>\n\t\t\t\t<section class=\"elementor-section elementor-top-section elementor-element elementor-element-e562c93 elementor-section-boxed elementor-section-height-default elementor-section-height-default\" data-id=\"e562c93\" data-element_type=\"section\" data-e-type=\"section\">\n\t\t\t\t\t\t<div class=\"elementor-container elementor-column-gap-default\">\n\t\t\t\t\t<div class=\"elementor-column elementor-col-100 elementor-top-column elementor-element elementor-element-051cb5b\" data-id=\"051cb5b\" data-element_type=\"column\" data-e-type=\"column\">\n\t\t\t<div class=\"elementor-widget-wrap elementor-element-populated\">\n\t\t\t\t\t\t<div class=\"elementor-element elementor-element-52c9719 elementor-widget elementor-widget-spacer\" data-id=\"52c9719\" data-element_type=\"widget\" data-e-type=\"widget\" data-widget_type=\"spacer.default\">\n\t\t\t\t<div class=\"elementor-widget-container\">\n\t\t\t\t\t\t\t<div class=\"elementor-spacer\">\n\t\t\t<div class=\"elementor-spacer-inner\"><\/div>\n\t\t<\/div>\n\t\t\t\t\t\t<\/div>\n\t\t\t\t<\/div>\n\t\t\t\t\t<\/div>\n\t\t<\/div>\n\t\t\t\t\t<\/div>\n\t\t<\/section>\n\t\t\t\t<section class=\"elementor-section elementor-top-section elementor-element elementor-element-8a2e446 elementor-section-full_width elementor-section-height-default elementor-section-height-default\" data-id=\"8a2e446\" data-element_type=\"section\" data-e-type=\"section\">\n\t\t\t\t\t\t<div class=\"elementor-container elementor-column-gap-default\">\n\t\t\t\t\t<div class=\"elementor-column elementor-col-100 elementor-top-column elementor-element elementor-element-6255316\" data-id=\"6255316\" data-element_type=\"column\" data-e-type=\"column\">\n\t\t\t<div class=\"elementor-widget-wrap elementor-element-populated\">\n\t\t\t\t\t\t<div class=\"elementor-element elementor-element-7f25bfb elementor-widget-divider--view-line elementor-widget elementor-widget-divider\" data-id=\"7f25bfb\" data-element_type=\"widget\" data-e-type=\"widget\" data-widget_type=\"divider.default\">\n\t\t\t\t<div class=\"elementor-widget-container\">\n\t\t\t\t\t\t\t<div class=\"elementor-divider\">\n\t\t\t<span class=\"elementor-divider-separator\">\n\t\t\t\t\t\t<\/span>\n\t\t<\/div>\n\t\t\t\t\t\t<\/div>\n\t\t\t\t<\/div>\n\t\t\t\t\t<\/div>\n\t\t<\/div>\n\t\t\t\t\t<\/div>\n\t\t<\/section>\n\t\t\t\t<\/div>\n\t\t","protected":false},"excerpt":{"rendered":"<p>\/*! elementor &#8211; v3.13.3 &#8211; 22-05-2023 *\/ .elementor-column .elementor-spacer-inner{height:var(&#8211;spacer-size)}.e-con{&#8211;container-widget-width:100%}.e-con-inner&gt;.elementor-widget-spacer,.e-con&gt;.elementor-widget-spacer{width:var(&#8211;container-widget-width,var(&#8211;spacer-size));&#8211;align-self:var(&#8211;container-widget-align-self,initial);&#8211;flex-shrink:0}.e-con-inner&gt;.elementor-widget-spacer&gt;.elementor-widget-container,.e-con-inner&gt;.elementor-widget-spacer&gt;.elementor-widget-container&gt;.elementor-spacer,.e-con&gt;.elementor-widget-spacer&gt;.elementor-widget-container,.e-con&gt;.elementor-widget-spacer&gt;.elementor-widget-container&gt;.elementor-spacer{height:100%}.e-con-inner&gt;.elementor-widget-spacer&gt;.elementor-widget-container&gt;.elementor-spacer&gt;.elementor-spacer-inner,.e-con&gt;.elementor-widget-spacer&gt;.elementor-widget-container&gt;.elementor-spacer&gt;.elementor-spacer-inner{height:var(&#8211;container-widget-height,var(&#8211;spacer-size))} \/*! elementor &#8211; v3.13.3 &#8211; 22-05-2023 *\/ .elementor-heading-title{padding:0;margin:0;line-height:1}.elementor-widget-heading .elementor-heading-title[class*=elementor-size-]&gt;a{color:inherit;font-size:inherit;line-height:inherit}.elementor-widget-heading .elementor-heading-title.elementor-size-small{font-size:15px}.elementor-widget-heading .elementor-heading-title.elementor-size-medium{font-size:19px}.elementor-widget-heading .elementor-heading-title.elementor-size-large{font-size:29px}.elementor-widget-heading .elementor-heading-title.elementor-size-xl{font-size:39px}.elementor-widget-heading .elementor-heading-title.elementor-size-xxl{font-size:59px} Le Projet \/*! elementor &#8211; v3.13.3 &#8211; 22-05-2023 *\/ .elementor-widget-divider{&#8211;divider-border-style:none;&#8211;divider-border-width:1px;&#8211;divider-color:#0c0d0e;&#8211;divider-icon-size:20px;&#8211;divider-element-spacing:10px;&#8211;divider-pattern-height:24px;&#8211;divider-pattern-size:20px;&#8211;divider-pattern-url:none;&#8211;divider-pattern-repeat:repeat-x}.elementor-widget-divider .elementor-divider{display:flex}.elementor-widget-divider .elementor-divider__text{font-size:15px;line-height:1;max-width:95%}.elementor-widget-divider .elementor-divider__element{margin:0 var(&#8211;divider-element-spacing);flex-shrink:0}.elementor-widget-divider .elementor-icon{font-size:var(&#8211;divider-icon-size)}.elementor-widget-divider .elementor-divider-separator{display:flex;margin:0;direction:ltr}.elementor-widget-divider&#8211;view-line_icon .elementor-divider-separator,.elementor-widget-divider&#8211;view-line_text .elementor-divider-separator{align-items:center}.elementor-widget-divider&#8211;view-line_icon .elementor-divider-separator:after,.elementor-widget-divider&#8211;view-line_icon .elementor-divider-separator:before,.elementor-widget-divider&#8211;view-line_text .elementor-divider-separator:after,.elementor-widget-divider&#8211;view-line_text .elementor-divider-separator:before{display:block;content:\u00a0\u00bb\u00a0\u00bb;border-bottom:0;flex-grow:1;border-top:var(&#8211;divider-border-width) var(&#8211;divider-border-style) var(&#8211;divider-color)}.elementor-widget-divider&#8211;element-align-left .elementor-divider .elementor-divider-separator&gt;.elementor-divider__svg:first-of-type{flex-grow:0;flex-shrink:100}.elementor-widget-divider&#8211;element-align-left .elementor-divider-separator:before{content:none}.elementor-widget-divider&#8211;element-align-left .elementor-divider__element{margin-left:0}.elementor-widget-divider&#8211;element-align-right .elementor-divider .elementor-divider-separator&gt;.elementor-divider__svg:last-of-type{flex-grow:0;flex-shrink:100}.elementor-widget-divider&#8211;element-align-right .elementor-divider-separator:after{content:none}.elementor-widget-divider&#8211;element-align-right .elementor-divider__element{margin-right:0}.elementor-widget-divider:not(.elementor-widget-divider&#8211;view-line_text):not(.elementor-widget-divider&#8211;view-line_icon)&#8230;<\/p>\n","protected":false},"author":23,"featured_media":0,"parent":0,"menu_order":0,"comment_status":"closed","ping_status":"closed","template":"elementor_header_footer","meta":{"_kadence_starter_templates_imported_post":true,"_kad_post_transparent":"","_kad_post_title":"hide","_kad_post_layout":"normal","_kad_post_sidebar_id":"","_kad_post_content_style":"unboxed","_kad_post_vertical_padding":"hide","_kad_post_feature":"hide","_kad_post_feature_position":"","_kad_post_header":false,"_kad_post_footer":false,"_kad_post_classname":"","footnotes":""},"class_list":["post-1284","page","type-page","status-publish","hentry"],"_links":{"self":[{"href":"https:\/\/web.msh-lse.fr\/taxis-clandos\/wp-json\/wp\/v2\/pages\/1284","targetHints":{"allow":["GET"]}}],"collection":[{"href":"https:\/\/web.msh-lse.fr\/taxis-clandos\/wp-json\/wp\/v2\/pages"}],"about":[{"href":"https:\/\/web.msh-lse.fr\/taxis-clandos\/wp-json\/wp\/v2\/types\/page"}],"author":[{"embeddable":true,"href":"https:\/\/web.msh-lse.fr\/taxis-clandos\/wp-json\/wp\/v2\/users\/23"}],"replies":[{"embeddable":true,"href":"https:\/\/web.msh-lse.fr\/taxis-clandos\/wp-json\/wp\/v2\/comments?post=1284"}],"version-history":[{"count":34,"href":"https:\/\/web.msh-lse.fr\/taxis-clandos\/wp-json\/wp\/v2\/pages\/1284\/revisions"}],"predecessor-version":[{"id":1579,"href":"https:\/\/web.msh-lse.fr\/taxis-clandos\/wp-json\/wp\/v2\/pages\/1284\/revisions\/1579"}],"wp:attachment":[{"href":"https:\/\/web.msh-lse.fr\/taxis-clandos\/wp-json\/wp\/v2\/media?parent=1284"}],"curies":[{"name":"wp","href":"https:\/\/api.w.org\/{rel}","templated":true}]}}