{"id":2261,"date":"2023-04-30T16:29:40","date_gmt":"2023-04-30T14:29:40","guid":{"rendered":"https:\/\/web.msh-lse.fr\/rnmsh\/interdisciplinarites\/?page_id=2261"},"modified":"2023-06-01T16:22:57","modified_gmt":"2023-06-01T14:22:57","slug":"mentions-legales","status":"publish","type":"page","link":"https:\/\/web.msh-lse.fr\/rnmsh\/interdisciplinarites\/mentions-legales\/","title":{"rendered":"Mentions l\u00e9gales"},"content":{"rendered":"\t\t<div data-elementor-type=\"wp-page\" data-elementor-id=\"2261\" class=\"elementor elementor-2261\" data-elementor-post-type=\"page\">\n\t\t\t\t\t\t<section class=\"elementor-section elementor-top-section elementor-element elementor-element-673110c elementor-section-boxed elementor-section-height-default elementor-section-height-default\" data-id=\"673110c\" data-element_type=\"section\" data-e-type=\"section\" data-settings=\"{&quot;background_background&quot;:&quot;classic&quot;}\">\n\t\t\t\t\t\t\t<div class=\"elementor-background-overlay\"><\/div>\n\t\t\t\t\t\t\t<div class=\"elementor-container elementor-column-gap-default\">\n\t\t\t\t\t<div class=\"elementor-column elementor-col-100 elementor-top-column elementor-element elementor-element-3afb89c\" data-id=\"3afb89c\" data-element_type=\"column\" data-e-type=\"column\">\n\t\t\t<div class=\"elementor-widget-wrap\">\n\t\t\t\t\t\t\t<\/div>\n\t\t<\/div>\n\t\t\t\t\t<\/div>\n\t\t<\/section>\n\t\t\t\t<section class=\"elementor-section elementor-top-section elementor-element elementor-element-04fd984 elementor-section-boxed elementor-section-height-default elementor-section-height-default\" data-id=\"04fd984\" data-element_type=\"section\" data-e-type=\"section\">\n\t\t\t\t\t\t<div class=\"elementor-container elementor-column-gap-default\">\n\t\t\t\t\t<div class=\"elementor-column elementor-col-100 elementor-top-column elementor-element elementor-element-aacaae9\" data-id=\"aacaae9\" data-element_type=\"column\" data-e-type=\"column\">\n\t\t\t<div class=\"elementor-widget-wrap elementor-element-populated\">\n\t\t\t\t\t\t<div class=\"elementor-element elementor-element-75202e9 elementor-widget elementor-widget-spacer\" data-id=\"75202e9\" data-element_type=\"widget\" data-e-type=\"widget\" data-widget_type=\"spacer.default\">\n\t\t\t\t<div class=\"elementor-widget-container\">\n\t\t\t\t\t\t\t<div class=\"elementor-spacer\">\n\t\t\t<div class=\"elementor-spacer-inner\"><\/div>\n\t\t<\/div>\n\t\t\t\t\t\t<\/div>\n\t\t\t\t<\/div>\n\t\t\t\t<div class=\"elementor-element elementor-element-b845d81 elementor-widget elementor-widget-heading\" data-id=\"b845d81\" data-element_type=\"widget\" data-e-type=\"widget\" data-widget_type=\"heading.default\">\n\t\t\t\t<div class=\"elementor-widget-container\">\n\t\t\t\t\t<h1 class=\"elementor-heading-title elementor-size-default\">Mentions l\u00e9gales<\/h1>\t\t\t\t<\/div>\n\t\t\t\t<\/div>\n\t\t\t\t\t<\/div>\n\t\t<\/div>\n\t\t\t\t\t<\/div>\n\t\t<\/section>\n\t\t\t\t<section class=\"elementor-section elementor-top-section elementor-element elementor-element-4eb42f5 elementor-section-boxed elementor-section-height-default elementor-section-height-default\" data-id=\"4eb42f5\" data-element_type=\"section\" data-e-type=\"section\">\n\t\t\t\t\t\t<div class=\"elementor-container elementor-column-gap-default\">\n\t\t\t\t\t<div class=\"elementor-column elementor-col-100 elementor-top-column elementor-element elementor-element-c0b86e9\" data-id=\"c0b86e9\" data-element_type=\"column\" data-e-type=\"column\">\n\t\t\t<div class=\"elementor-widget-wrap elementor-element-populated\">\n\t\t\t\t\t\t<div class=\"elementor-element elementor-element-8683526 elementor-widget elementor-widget-spacer\" data-id=\"8683526\" data-element_type=\"widget\" data-e-type=\"widget\" data-widget_type=\"spacer.default\">\n\t\t\t\t<div class=\"elementor-widget-container\">\n\t\t\t\t\t\t\t<div class=\"elementor-spacer\">\n\t\t\t<div class=\"elementor-spacer-inner\"><\/div>\n\t\t<\/div>\n\t\t\t\t\t\t<\/div>\n\t\t\t\t<\/div>\n\t\t\t\t\t<\/div>\n\t\t<\/div>\n\t\t\t\t\t<\/div>\n\t\t<\/section>\n\t\t\t\t<section class=\"elementor-section elementor-top-section elementor-element elementor-element-80e0a3c elementor-section-boxed elementor-section-height-default elementor-section-height-default\" data-id=\"80e0a3c\" data-element_type=\"section\" data-e-type=\"section\">\n\t\t\t\t\t\t<div class=\"elementor-container elementor-column-gap-default\">\n\t\t\t\t\t<div class=\"elementor-column elementor-col-100 elementor-top-column elementor-element elementor-element-5f5f1b1\" data-id=\"5f5f1b1\" data-element_type=\"column\" data-e-type=\"column\">\n\t\t\t<div class=\"elementor-widget-wrap elementor-element-populated\">\n\t\t\t\t\t\t<div class=\"elementor-element elementor-element-6e00ea9 elementor-widget elementor-widget-text-editor\" data-id=\"6e00ea9\" data-element_type=\"widget\" data-e-type=\"widget\" data-widget_type=\"text-editor.default\">\n\t\t\t\t<div class=\"elementor-widget-container\">\n\t\t\t\t\t\t\t\t\t<p style=\"text-align: center;\"><span style=\"font-size: 18pt; color: #000000;\"><strong>H\u00e9bergeur <\/strong>: <a href=\"https:\/\/web.msh-lse.fr\/\" target=\"_blank\" rel=\"noopener\">Le service des Syst\u00e8mes d&rsquo;information de la MSH Lyon St-Etienne<\/a><\/span><br \/><span style=\"font-size: 18pt; color: #000000;\"><strong>Directeurs de la publication <\/strong>: Pascal Bul\u00e9on, Gilles Pollet, Nicolas Th\u00e9ly, membres du directoire du RnMSH<\/span><br \/><span style=\"font-size: 18pt; color: #000000;\"><strong>Groupe de travail<\/strong> : Fr\u00e9d\u00e9ric le Blay (MSH Ange Gu\u00e9pin), Justine Chapelon (MSH Lyon St-Etienne), Chiara Chelini (RnMSH), Christian <\/span><span style=\"font-size: 18pt; color: #000000;\">Dury (MSH Lyon St-Etienne), Beno\u00eet Raoulx (MRSH), Egidio Marsico (MSH Lyon St-Etienne), Claire Perret (RnMSH) et Nicolas Th\u00e9ly <\/span><span style=\"font-size: 18pt; color: #000000;\">(MSHB)<\/span><br \/><span style=\"font-size: 18pt; color: #000000;\"><strong>D\u00e9veloppement du site <\/strong>: Helene Kieffer et Vincent Lombard (MSH Lyon St-Etienne)<\/span><br \/><span style=\"font-size: 18pt; color: #000000;\"><strong>Montages vid\u00e9o <\/strong>: Justine Chapelon (MSH Lyon St-Etienne)<\/span><br \/><span style=\"font-size: 18pt; color: #000000;\"><strong>Coordination g\u00e9n\u00e9rale <\/strong>: Philippe Casella et Solveig Hueber (RnMSH) <br \/><\/span><span style=\"font-size: 18pt; color: #000000;\">Utilisation de la charte graphique RnMSH de Samuel Jan<\/span><br \/><span style=\"font-size: 18pt; color: #000000;\"><strong>Limitation de responsabilit\u00e9 <\/strong>: Les informations diffus\u00e9es sur le site (textes, photos, vid\u00e9os, etc.) ont un caract\u00e8re purement g\u00e9n\u00e9ral <\/span><span style=\"font-size: 18pt; color: #000000;\">et informatif et ne sont donn\u00e9es qu&rsquo;\u00e0 titre indicatif. Malgr\u00e9 tout le soin apport\u00e9 \u00e0 sa r\u00e9alisation et \u00e0 son exactitude, ce site ne peut <\/span><span style=\"font-size: 18pt; color: #000000;\">pas constituer un document contractuel. La responsabilit\u00e9 du RnMSH et de la MSH Lyon St-Etienne ne peut donc, en aucune <\/span><span style=\"font-size: 18pt; color: #000000;\">mani\u00e8re, \u00eatre engag\u00e9e quant au contenu des informations figurant sur ce site ou aux cons\u00e9quences pouvant r\u00e9sulter de leur utilisation <\/span><span style=\"font-size: 18pt; color: #000000;\">ou interpr\u00e9tation. Le RnMSH ne saurait \u00eatre tenu pour responsable de tout dommage r\u00e9sultant de l&rsquo;acc\u00e8s par un internaute <\/span><span style=\"font-size: 18pt; color: #000000;\">au site et\/ou de l&rsquo;utilisation du site, ou de l&rsquo;impossibilit\u00e9 d&rsquo;y acc\u00e9der.<\/span><\/p>\t\t\t\t\t\t\t\t<\/div>\n\t\t\t\t<\/div>\n\t\t\t\t\t<\/div>\n\t\t<\/div>\n\t\t\t\t\t<\/div>\n\t\t<\/section>\n\t\t\t\t<section class=\"elementor-section elementor-top-section elementor-element elementor-element-6cbe6cb elementor-section-boxed elementor-section-height-default elementor-section-height-default\" data-id=\"6cbe6cb\" data-element_type=\"section\" data-e-type=\"section\">\n\t\t\t\t\t\t<div class=\"elementor-container elementor-column-gap-default\">\n\t\t\t\t\t<div class=\"elementor-column elementor-col-100 elementor-top-column elementor-element elementor-element-15f9a83\" data-id=\"15f9a83\" data-element_type=\"column\" data-e-type=\"column\">\n\t\t\t<div class=\"elementor-widget-wrap elementor-element-populated\">\n\t\t\t\t\t\t<div class=\"elementor-element elementor-element-7a09389 elementor-widget elementor-widget-spacer\" data-id=\"7a09389\" data-element_type=\"widget\" data-e-type=\"widget\" data-widget_type=\"spacer.default\">\n\t\t\t\t<div class=\"elementor-widget-container\">\n\t\t\t\t\t\t\t<div class=\"elementor-spacer\">\n\t\t\t<div class=\"elementor-spacer-inner\"><\/div>\n\t\t<\/div>\n\t\t\t\t\t\t<\/div>\n\t\t\t\t<\/div>\n\t\t\t\t\t<\/div>\n\t\t<\/div>\n\t\t\t\t\t<\/div>\n\t\t<\/section>\n\t\t\t\t<\/div>\n\t\t","protected":false},"excerpt":{"rendered":"<p>Mentions l\u00e9gales H\u00e9bergeur : Le service des Syst\u00e8mes d&rsquo;information de la MSH Lyon St-EtienneDirecteurs de la publication : Pascal Bul\u00e9on, Gilles Pollet, Nicolas Th\u00e9ly, membres du directoire du RnMSHGroupe de travail : Fr\u00e9d\u00e9ric le Blay (MSH Ange Gu\u00e9pin), Justine Chapelon (MSH Lyon St-Etienne), Chiara Chelini (RnMSH), Christian Dury (MSH Lyon St-Etienne), Beno\u00eet Raoulx (MRSH), Egidio&#8230;<\/p>\n","protected":false},"author":23,"featured_media":0,"parent":0,"menu_order":0,"comment_status":"closed","ping_status":"closed","template":"","meta":{"_kadence_starter_templates_imported_post":true,"_kad_post_transparent":"","_kad_post_title":"hide","_kad_post_layout":"fullwidth","_kad_post_sidebar_id":"","_kad_post_content_style":"unboxed","_kad_post_vertical_padding":"hide","_kad_post_feature":"hide","_kad_post_feature_position":"","_kad_post_header":false,"_kad_post_footer":false,"_kad_post_classname":"","footnotes":""},"class_list":["post-2261","page","type-page","status-publish","hentry"],"_links":{"self":[{"href":"https:\/\/web.msh-lse.fr\/rnmsh\/interdisciplinarites\/wp-json\/wp\/v2\/pages\/2261","targetHints":{"allow":["GET"]}}],"collection":[{"href":"https:\/\/web.msh-lse.fr\/rnmsh\/interdisciplinarites\/wp-json\/wp\/v2\/pages"}],"about":[{"href":"https:\/\/web.msh-lse.fr\/rnmsh\/interdisciplinarites\/wp-json\/wp\/v2\/types\/page"}],"author":[{"embeddable":true,"href":"https:\/\/web.msh-lse.fr\/rnmsh\/interdisciplinarites\/wp-json\/wp\/v2\/users\/23"}],"replies":[{"embeddable":true,"href":"https:\/\/web.msh-lse.fr\/rnmsh\/interdisciplinarites\/wp-json\/wp\/v2\/comments?post=2261"}],"version-history":[{"count":25,"href":"https:\/\/web.msh-lse.fr\/rnmsh\/interdisciplinarites\/wp-json\/wp\/v2\/pages\/2261\/revisions"}],"predecessor-version":[{"id":3082,"href":"https:\/\/web.msh-lse.fr\/rnmsh\/interdisciplinarites\/wp-json\/wp\/v2\/pages\/2261\/revisions\/3082"}],"wp:attachment":[{"href":"https:\/\/web.msh-lse.fr\/rnmsh\/interdisciplinarites\/wp-json\/wp\/v2\/media?parent=2261"}],"curies":[{"name":"wp","href":"https:\/\/api.w.org\/{rel}","templated":true}]}}