{"id":1274,"date":"2025-06-26T15:04:54","date_gmt":"2025-06-26T13:04:54","guid":{"rendered":"https:\/\/web.msh-lse.fr\/leri2\/?page_id=1274"},"modified":"2025-09-08T15:41:44","modified_gmt":"2025-09-08T13:41:44","slug":"projets","status":"publish","type":"page","link":"https:\/\/web.msh-lse.fr\/leri2\/projets\/","title":{"rendered":"Projets"},"content":{"rendered":"\t\t<div data-elementor-type=\"wp-page\" data-elementor-id=\"1274\" class=\"elementor elementor-1274\" data-elementor-post-type=\"page\">\n\t\t\t\t\t\t<section class=\"elementor-section elementor-top-section elementor-element elementor-element-8828dd8 elementor-section-height-min-height elementor-section-items-bottom elementor-section-boxed elementor-section-height-default\" data-id=\"8828dd8\" data-element_type=\"section\" data-e-type=\"section\" data-settings=\"{&quot;background_background&quot;:&quot;classic&quot;}\">\n\t\t\t\t\t\t\t<div class=\"elementor-background-overlay\"><\/div>\n\t\t\t\t\t\t\t<div class=\"elementor-container elementor-column-gap-default\">\n\t\t\t\t\t<div class=\"elementor-column elementor-col-100 elementor-top-column elementor-element elementor-element-6d43801\" data-id=\"6d43801\" data-element_type=\"column\" data-e-type=\"column\">\n\t\t\t<div class=\"elementor-widget-wrap elementor-element-populated\">\n\t\t\t\t\t\t<div class=\"elementor-element elementor-element-31c8d6d elementor-widget elementor-widget-heading\" data-id=\"31c8d6d\" data-element_type=\"widget\" data-e-type=\"widget\" data-widget_type=\"heading.default\">\n\t\t\t\t<div class=\"elementor-widget-container\">\n\t\t\t\t\t<h1 class=\"elementor-heading-title elementor-size-default\">Projets<\/h1>\t\t\t\t<\/div>\n\t\t\t\t<\/div>\n\t\t\t\t<div class=\"elementor-element elementor-element-9a9b4e4 elementor-hidden-phone elementor-widget elementor-widget-spacer\" data-id=\"9a9b4e4\" data-element_type=\"widget\" data-e-type=\"widget\" data-widget_type=\"spacer.default\">\n\t\t\t\t<div class=\"elementor-widget-container\">\n\t\t\t\t\t\t\t<div class=\"elementor-spacer\">\n\t\t\t<div class=\"elementor-spacer-inner\"><\/div>\n\t\t<\/div>\n\t\t\t\t\t\t<\/div>\n\t\t\t\t<\/div>\n\t\t\t\t\t<\/div>\n\t\t<\/div>\n\t\t\t\t\t<\/div>\n\t\t<\/section>\n\t\t\t\t<section class=\"elementor-section elementor-top-section elementor-element elementor-element-d076b54 elementor-section-boxed elementor-section-height-default elementor-section-height-default\" data-id=\"d076b54\" data-element_type=\"section\" data-e-type=\"section\">\n\t\t\t\t\t\t<div class=\"elementor-container elementor-column-gap-default\">\n\t\t\t\t\t<div class=\"elementor-column elementor-col-100 elementor-top-column elementor-element elementor-element-ef1a4e9\" data-id=\"ef1a4e9\" data-element_type=\"column\" data-e-type=\"column\">\n\t\t\t<div class=\"elementor-widget-wrap elementor-element-populated\">\n\t\t\t\t\t\t<div class=\"elementor-element elementor-element-5236828 elementor-widget elementor-widget-text-editor\" data-id=\"5236828\" data-element_type=\"widget\" data-e-type=\"widget\" data-widget_type=\"text-editor.default\">\n\t\t\t\t<div class=\"elementor-widget-container\">\n\t\t\t\t\t\t\t\t\t<section><p>Nous menons des projets de recherche et de m\u00e9diation compl\u00e9mentaires, pens\u00e9s pour croiser enqu\u00eates, exp\u00e9riences et transmission. Ci\u2011dessous, un aper\u00e7u des formats pass\u00e9s, en cours et \u00e0 venir.<\/p><article><h3>Podcast LERI\u00b2 (\u00e0 venir&#8230;)<\/h3><ul><li>Un format audio, divers et accessible sur l\u2019ignorance : entretiens, \u00e9tudes de cas, coulisses de la recherche et sans doute plus encore !<\/li><li>Saison 1 en pr\u00e9paration.<\/li><li><strong>Sortie pr\u00e9vue :<\/strong> d\u00e9but 2026.<\/li><li><strong>Plateformes :<\/strong> Spotify, Deezer, Youtube, site web ECLLA (et sans doute d&#8217;autres encore).<\/li><li><strong>Retrouver le Podcast\u00a0:<\/strong> lien \u00e0 venir !<\/li><\/ul><\/article><article><\/article><article><h3>Blog et billets scientifiques<\/h3><ul><li><strong>Rythme :<\/strong> publication <del>r\u00e9guli\u00e8re<\/del> de billets de blog (d\u00e9finitions, retours d\u2019\u00e9v\u00e9nements, coulisses des projets, lectures comment\u00e9es).<\/li><li><strong>Rubriques :<\/strong> \u201cD\u00e9finitions express\u201d (agnotologie, ignorance \u00e9pist\u00e9mique\u2026), \u201c\u00c9tudes de cas\u201d, \u201cM\u00e9thodes en clair\u201d, \u201cArt &amp; Ignorance\u201d, etc.<\/li><li><strong>Lien :<\/strong> <a href=\"\/leri2\/blog\">billets de blog<\/a>.<\/li><\/ul><\/article><article><h3>Base UJM \u2014 Cartographie des sujets et angles morts<\/h3><ul><li>Projet de recensement des th\u00e8mes de recherche \u00e0 l\u2019UJM pour rep\u00e9rer convergences et zones peu explor\u00e9es.<\/li><li><strong>Objectif :<\/strong> partager une ressource utile aux chercheur\u00b7euse\u00b7s et aux \u00e9tudiant\u00b7e\u00b7s.<\/li><li><strong>Version pilote : <\/strong>\u00e0 venir courant 2026.<\/li><\/ul><\/article><article><h3>Journ\u00e9es d\u2019\u00e9tudes 2026\/2027<\/h3><p>Le LERI\u00b2 organise des journ\u00e9es d&#8217;\u00e9tudes. La premi\u00e8re sera \u00e0 venir en d\u00e9but 2026. Nous ne manquerons pas de nous publier sur nos diff\u00e9rents m\u00e9dias et ici m\u00eame les avanc\u00e9es de cette pr\u00e9paration !<\/p><\/article><\/section>\t\t\t\t\t\t\t\t<\/div>\n\t\t\t\t<\/div>\n\t\t\t\t\t<\/div>\n\t\t<\/div>\n\t\t\t\t\t<\/div>\n\t\t<\/section>\n\t\t\t\t<section class=\"elementor-section elementor-top-section elementor-element elementor-element-e8beeef elementor-section-boxed elementor-section-height-default elementor-section-height-default\" data-id=\"e8beeef\" data-element_type=\"section\" data-e-type=\"section\">\n\t\t\t\t\t\t<div class=\"elementor-container elementor-column-gap-default\">\n\t\t\t\t\t<div class=\"elementor-column elementor-col-100 elementor-top-column elementor-element elementor-element-16a7b84\" data-id=\"16a7b84\" data-element_type=\"column\" data-e-type=\"column\">\n\t\t\t<div class=\"elementor-widget-wrap elementor-element-populated\">\n\t\t\t\t\t\t<div class=\"elementor-element elementor-element-63bba08 elementor-widget-divider--view-line elementor-widget elementor-widget-divider\" data-id=\"63bba08\" data-element_type=\"widget\" data-e-type=\"widget\" data-widget_type=\"divider.default\">\n\t\t\t\t<div class=\"elementor-widget-container\">\n\t\t\t\t\t\t\t<div class=\"elementor-divider\">\n\t\t\t<span class=\"elementor-divider-separator\">\n\t\t\t\t\t\t<\/span>\n\t\t<\/div>\n\t\t\t\t\t\t<\/div>\n\t\t\t\t<\/div>\n\t\t\t\t\t<\/div>\n\t\t<\/div>\n\t\t\t\t\t<\/div>\n\t\t<\/section>\n\t\t\t\t<\/div>\n\t\t","protected":false},"excerpt":{"rendered":"<p>Projets Nous menons des projets de recherche et de m\u00e9diation compl\u00e9mentaires, pens\u00e9s pour croiser enqu\u00eates, exp\u00e9riences et transmission. Ci\u2011dessous, un aper\u00e7u des formats pass\u00e9s, en cours et \u00e0 venir. Podcast LERI\u00b2 (\u00e0 venir&#8230;) Un format audio, divers et accessible sur l\u2019ignorance : entretiens, \u00e9tudes de cas, coulisses de la recherche et sans doute plus encore&#8230;<\/p>\n","protected":false},"author":171,"featured_media":0,"parent":0,"menu_order":0,"comment_status":"closed","ping_status":"closed","template":"elementor_header_footer","meta":{"_kadence_starter_templates_imported_post":true,"_kad_post_transparent":"","_kad_post_title":"hide","_kad_post_layout":"normal","_kad_post_sidebar_id":"","_kad_post_content_style":"unboxed","_kad_post_vertical_padding":"hide","_kad_post_feature":"hide","_kad_post_feature_position":"","_kad_post_header":false,"_kad_post_footer":false,"_kad_post_classname":"","footnotes":""},"class_list":["post-1274","page","type-page","status-publish","hentry"],"_links":{"self":[{"href":"https:\/\/web.msh-lse.fr\/leri2\/wp-json\/wp\/v2\/pages\/1274","targetHints":{"allow":["GET"]}}],"collection":[{"href":"https:\/\/web.msh-lse.fr\/leri2\/wp-json\/wp\/v2\/pages"}],"about":[{"href":"https:\/\/web.msh-lse.fr\/leri2\/wp-json\/wp\/v2\/types\/page"}],"author":[{"embeddable":true,"href":"https:\/\/web.msh-lse.fr\/leri2\/wp-json\/wp\/v2\/users\/171"}],"replies":[{"embeddable":true,"href":"https:\/\/web.msh-lse.fr\/leri2\/wp-json\/wp\/v2\/comments?post=1274"}],"version-history":[{"count":32,"href":"https:\/\/web.msh-lse.fr\/leri2\/wp-json\/wp\/v2\/pages\/1274\/revisions"}],"predecessor-version":[{"id":1484,"href":"https:\/\/web.msh-lse.fr\/leri2\/wp-json\/wp\/v2\/pages\/1274\/revisions\/1484"}],"wp:attachment":[{"href":"https:\/\/web.msh-lse.fr\/leri2\/wp-json\/wp\/v2\/media?parent=1274"}],"curies":[{"name":"wp","href":"https:\/\/api.w.org\/{rel}","templated":true}]}}