{"id":30,"date":"2021-03-31T10:53:23","date_gmt":"2021-03-31T08:53:23","guid":{"rendered":"https:\/\/web.msh-lse.fr\/ler\/?page_id=30"},"modified":"2021-09-03T14:56:33","modified_gmt":"2021-09-03T12:56:33","slug":"axe-3-productions-et-systemes-alimentaires","status":"publish","type":"page","link":"https:\/\/web.msh-lse.fr\/ler\/axe-3-productions-et-systemes-alimentaires\/","title":{"rendered":"Axe 3 : Productions et syst\u00e8mes alimentaires"},"content":{"rendered":"\t\t<div data-elementor-type=\"wp-page\" data-elementor-id=\"30\" class=\"elementor elementor-30\" data-elementor-post-type=\"page\">\n\t\t\t\t\t\t<section class=\"elementor-section elementor-top-section elementor-element elementor-element-7c45eca7 elementor-section-boxed elementor-section-height-default elementor-section-height-default\" data-id=\"7c45eca7\" data-element_type=\"section\" data-e-type=\"section\">\n\t\t\t\t\t\t<div class=\"elementor-container elementor-column-gap-default\">\n\t\t\t\t\t<div class=\"elementor-column elementor-col-100 elementor-top-column elementor-element elementor-element-53634309\" data-id=\"53634309\" data-element_type=\"column\" data-e-type=\"column\">\n\t\t\t<div class=\"elementor-widget-wrap elementor-element-populated\">\n\t\t\t\t\t\t<div class=\"elementor-element elementor-element-2c6324d7 elementor-widget elementor-widget-spacer\" data-id=\"2c6324d7\" data-element_type=\"widget\" data-e-type=\"widget\" data-widget_type=\"spacer.default\">\n\t\t\t\t<div class=\"elementor-widget-container\">\n\t\t\t\t\t\t\t<div class=\"elementor-spacer\">\n\t\t\t<div class=\"elementor-spacer-inner\"><\/div>\n\t\t<\/div>\n\t\t\t\t\t\t<\/div>\n\t\t\t\t<\/div>\n\t\t\t\t\t<\/div>\n\t\t<\/div>\n\t\t\t\t\t<\/div>\n\t\t<\/section>\n\t\t\t\t<section class=\"elementor-section elementor-top-section elementor-element elementor-element-3fe01584 elementor-section-boxed elementor-section-height-default elementor-section-height-default\" data-id=\"3fe01584\" data-element_type=\"section\" data-e-type=\"section\" data-settings=\"{&quot;background_background&quot;:&quot;classic&quot;,&quot;background_motion_fx_motion_fx_scrolling&quot;:&quot;yes&quot;,&quot;background_motion_fx_translateY_effect&quot;:&quot;yes&quot;,&quot;background_motion_fx_translateY_speed&quot;:{&quot;unit&quot;:&quot;px&quot;,&quot;size&quot;:4,&quot;sizes&quot;:[]},&quot;background_motion_fx_translateY_affectedRange&quot;:{&quot;unit&quot;:&quot;%&quot;,&quot;size&quot;:&quot;&quot;,&quot;sizes&quot;:{&quot;start&quot;:0,&quot;end&quot;:100}},&quot;background_motion_fx_devices&quot;:[&quot;desktop&quot;,&quot;tablet&quot;,&quot;mobile&quot;]}\">\n\t\t\t\t\t\t<div class=\"elementor-container elementor-column-gap-default\">\n\t\t\t\t\t<div class=\"elementor-column elementor-col-100 elementor-top-column elementor-element elementor-element-15f400fb\" data-id=\"15f400fb\" data-element_type=\"column\" data-e-type=\"column\">\n\t\t\t<div class=\"elementor-widget-wrap elementor-element-populated\">\n\t\t\t\t\t\t<div class=\"elementor-element elementor-element-554a4e68 elementor-widget elementor-widget-heading\" data-id=\"554a4e68\" data-element_type=\"widget\" data-e-type=\"widget\" data-settings=\"{&quot;motion_fx_motion_fx_scrolling&quot;:&quot;yes&quot;,&quot;motion_fx_translateY_effect&quot;:&quot;yes&quot;,&quot;motion_fx_translateY_speed&quot;:{&quot;unit&quot;:&quot;px&quot;,&quot;size&quot;:4,&quot;sizes&quot;:[]},&quot;motion_fx_translateY_affectedRange&quot;:{&quot;unit&quot;:&quot;%&quot;,&quot;size&quot;:&quot;&quot;,&quot;sizes&quot;:{&quot;start&quot;:0,&quot;end&quot;:100}},&quot;motion_fx_devices&quot;:[&quot;desktop&quot;,&quot;tablet&quot;,&quot;mobile&quot;]}\" data-widget_type=\"heading.default\">\n\t\t\t\t<div class=\"elementor-widget-container\">\n\t\t\t\t\t<h2 class=\"elementor-heading-title elementor-size-default\">Axe 1<\/h2>\t\t\t\t<\/div>\n\t\t\t\t<\/div>\n\t\t\t\t\t<\/div>\n\t\t<\/div>\n\t\t\t\t\t<\/div>\n\t\t<\/section>\n\t\t\t\t<section class=\"elementor-section elementor-top-section elementor-element elementor-element-2c614916 elementor-section-boxed elementor-section-height-default elementor-section-height-default\" data-id=\"2c614916\" data-element_type=\"section\" data-e-type=\"section\">\n\t\t\t\t\t\t<div class=\"elementor-container elementor-column-gap-default\">\n\t\t\t\t\t<div class=\"elementor-column elementor-col-100 elementor-top-column elementor-element elementor-element-7e9b8b1a\" data-id=\"7e9b8b1a\" data-element_type=\"column\" data-e-type=\"column\">\n\t\t\t<div class=\"elementor-widget-wrap elementor-element-populated\">\n\t\t\t\t\t\t<div class=\"elementor-element elementor-element-26f5ad83 elementor-widget elementor-widget-spacer\" data-id=\"26f5ad83\" data-element_type=\"widget\" data-e-type=\"widget\" data-widget_type=\"spacer.default\">\n\t\t\t\t<div class=\"elementor-widget-container\">\n\t\t\t\t\t\t\t<div class=\"elementor-spacer\">\n\t\t\t<div class=\"elementor-spacer-inner\"><\/div>\n\t\t<\/div>\n\t\t\t\t\t\t<\/div>\n\t\t\t\t<\/div>\n\t\t\t\t\t<\/div>\n\t\t<\/div>\n\t\t\t\t\t<\/div>\n\t\t<\/section>\n\t\t\t\t<section class=\"elementor-section elementor-top-section elementor-element elementor-element-3558688f elementor-section-boxed elementor-section-height-default elementor-section-height-default\" data-id=\"3558688f\" data-element_type=\"section\" data-e-type=\"section\">\n\t\t\t\t\t\t<div class=\"elementor-container elementor-column-gap-default\">\n\t\t\t\t\t<div class=\"elementor-column elementor-col-100 elementor-top-column elementor-element elementor-element-2f773c88\" data-id=\"2f773c88\" data-element_type=\"column\" data-e-type=\"column\">\n\t\t\t<div class=\"elementor-widget-wrap elementor-element-populated\">\n\t\t\t\t\t\t<div class=\"elementor-element elementor-element-7bd3194 elementor-widget elementor-widget-heading\" data-id=\"7bd3194\" data-element_type=\"widget\" data-e-type=\"widget\" data-widget_type=\"heading.default\">\n\t\t\t\t<div class=\"elementor-widget-container\">\n\t\t\t\t\t<h2 class=\"elementor-heading-title elementor-size-default\">Axe 3 :   Productions et syst\u00e8mes alimentaires<\/h2>\t\t\t\t<\/div>\n\t\t\t\t<\/div>\n\t\t\t\t\t<\/div>\n\t\t<\/div>\n\t\t\t\t\t<\/div>\n\t\t<\/section>\n\t\t\t\t<section class=\"elementor-section elementor-top-section elementor-element elementor-element-101265cf elementor-section-boxed elementor-section-height-default elementor-section-height-default\" data-id=\"101265cf\" data-element_type=\"section\" data-e-type=\"section\">\n\t\t\t\t\t\t<div class=\"elementor-container elementor-column-gap-default\">\n\t\t\t\t\t<div class=\"elementor-column elementor-col-100 elementor-top-column elementor-element elementor-element-6fb9d5ee\" data-id=\"6fb9d5ee\" data-element_type=\"column\" data-e-type=\"column\">\n\t\t\t<div class=\"elementor-widget-wrap elementor-element-populated\">\n\t\t\t\t\t\t<div class=\"elementor-element elementor-element-69cffce5 elementor-widget-divider--view-line elementor-widget elementor-widget-divider\" data-id=\"69cffce5\" data-element_type=\"widget\" data-e-type=\"widget\" data-widget_type=\"divider.default\">\n\t\t\t\t<div class=\"elementor-widget-container\">\n\t\t\t\t\t\t\t<div class=\"elementor-divider\">\n\t\t\t<span class=\"elementor-divider-separator\">\n\t\t\t\t\t\t<\/span>\n\t\t<\/div>\n\t\t\t\t\t\t<\/div>\n\t\t\t\t<\/div>\n\t\t\t\t\t<\/div>\n\t\t<\/div>\n\t\t\t\t\t<\/div>\n\t\t<\/section>\n\t\t\t\t<section class=\"elementor-section elementor-top-section elementor-element elementor-element-4da293f9 elementor-section-boxed elementor-section-height-default elementor-section-height-default\" data-id=\"4da293f9\" data-element_type=\"section\" data-e-type=\"section\">\n\t\t\t\t\t\t<div class=\"elementor-container elementor-column-gap-default\">\n\t\t\t\t\t<div class=\"elementor-column elementor-col-16 elementor-top-column elementor-element elementor-element-48c56fe7\" data-id=\"48c56fe7\" data-element_type=\"column\" data-e-type=\"column\">\n\t\t\t<div class=\"elementor-widget-wrap\">\n\t\t\t\t\t\t\t<\/div>\n\t\t<\/div>\n\t\t\t\t<div class=\"elementor-column elementor-col-66 elementor-top-column elementor-element elementor-element-66e14d77\" data-id=\"66e14d77\" data-element_type=\"column\" data-e-type=\"column\">\n\t\t\t<div class=\"elementor-widget-wrap elementor-element-populated\">\n\t\t\t\t\t\t<div class=\"elementor-element elementor-element-918b82 elementor-widget elementor-widget-text-editor\" data-id=\"918b82\" data-element_type=\"widget\" data-e-type=\"widget\" data-widget_type=\"text-editor.default\">\n\t\t\t\t<div class=\"elementor-widget-container\">\n\t\t\t\t\t\t\t\t\t<p style=\"text-align: justify\"><span style=\"color: #000000\"><strong>Animation scientifique<\/strong> : Claire Delfosse (Lyon2) et Philippe Fleury (ISARA-Lyon)<\/span><\/p><p style=\"text-align: justify\"><span style=\"color: #000000\">Le LER a un v\u00e9ritable savoir-faire dans l&rsquo;approche pluridisciplinaire des syst\u00e8me de mise en relation de la production et de la consommation, aussi bien par l&rsquo;observation des univers pratiques de la production, de la transformation ou de la distribution, que par l&rsquo;analyse\u00a0 \u00a0\u00a0\u00a0\u00a0 critique des modes de construction identitaire, des voies d&rsquo;acquisition des signes de qualit\u00e9 ou des strat\u00e9gies de conqu\u00eate ou de fid\u00e9lisation des consommateurs. Plus encore, la r\u00e9flexion et les recherches men\u00e9es sur l&rsquo;alimentation comme objet global ont permis de faire \u00e9merger\u00a0 des th\u00e9matiques particuli\u00e8rement \u00e9clairantes sur les dynamiques d&rsquo;\u00e9volution des identit\u00e9s socioprofessionnelles, des rapports au lieu ou des univers de sens raccroch\u00e9s aux pratiques\u00a0 de production et de consommation. Notre ambition est de d\u00e9velopper une recherche participant, dans une perspective de d\u00e9veloppement durable, \u00e0 la conception de syst\u00e8mes alimentaires et de nouvelles formes de gouvernance des interactions entre agriculture, alimentation, territoire et environnement.<br \/><\/span><\/p><p style=\"text-align: justify\"><span style=\"color: #000000\">Pour autant, inscrire cet axe sous l&rsquo;\u00e9gide des syst\u00e8mes alimentaires durables, s&rsquo;engager dans des projets de recherche en partenariat avec des acteurs qui se diversifient tout \u00e0 la fois vers les op\u00e9rateurs de l&rsquo;aval dans l&rsquo;agroalimentaire et vers de nouveaux acteurs de territoires, ne signifie pas pour nous d\u00e9passer notre r\u00f4le de chercheur en s&rsquo;\u00e9rigeant en autorit\u00e9 prescriptive et normative. Il s&rsquo;agit de rep\u00e9rer, d&rsquo;analyser des signaux faibles comme des mouvements de fond, d&rsquo;\u00e9largir le champ des possibles, d&rsquo;accompagner l&rsquo;action par la recherche et de mettre en d\u00e9bat nos r\u00e9sultats sans nous substituer aux r\u00f4les et aux responsabilit\u00e9s des acteurs de d\u00e9veloppement.<\/span><\/p><p style=\"text-align: justify\"><span style=\"color: #000000\">Le LER peut se pr\u00e9valoir d&rsquo;une comp\u00e9tence collective sur les entr\u00e9es \u00ab\u00a0produits\u00a0\u00bb, \u00ab\u00a0fili\u00e8re\u00a0\u00bb, comme sur l&rsquo;entr\u00e9e \u00ab\u00a0consommation\u00a0\u00bb. Notre objet est l&rsquo;\u00e9tude et l&rsquo;accompagnement par la recherche des transformations conjointes des syst\u00e8mes alimentaires (<em>Agri-food systems<\/em>) et des territoires ruraux ou p\u00e9riurbains (<em>Rural Development)<\/em>. Le concept de territoire peut sembler s\u00e9duisant pour ce faire : \u00e0 condition que le territoire ne soit pas consid\u00e9r\u00e9 comme un donn\u00e9, mais comme le construit d&rsquo;une superposition de jeux sociaux et institutionnels. Notre hypoth\u00e8se est qu&rsquo;aujourd&rsquo;hui, l&rsquo;inscription soci\u00e9tale\u00a0 des d\u00e9bats sur l&rsquo;alimentation , relay\u00e9s pour partie par les politiques publiques, renouvelle le lien au local et constitue un facteur majeur de changement de m\u00e9tiers, de pratiques et de formes de coordination pour les agriculteurs, les acteurs des fili\u00e8res alimentaires et les consommateurs. L&rsquo;alimentation n&rsquo;est pas un objet autonome\u00a0 : elle se situe au contact des enjeux de la sant\u00e9 globale et de l&rsquo;environnement.<\/span><\/p><p style=\"text-align: justify\"><span style=\"color: #000000\">Cet axe est organis\u00e9 en trois sous-th\u00e9matiques : les processus de qualification des produits ;\u00a0 la construction des fili\u00e8res ; les consommateurs et les patrimoines alimentaires.<\/span><\/p>\t\t\t\t\t\t\t\t<\/div>\n\t\t\t\t<\/div>\n\t\t\t\t\t<\/div>\n\t\t<\/div>\n\t\t\t\t<div class=\"elementor-column elementor-col-16 elementor-top-column elementor-element elementor-element-7014ea05\" data-id=\"7014ea05\" data-element_type=\"column\" data-e-type=\"column\">\n\t\t\t<div class=\"elementor-widget-wrap\">\n\t\t\t\t\t\t\t<\/div>\n\t\t<\/div>\n\t\t\t\t\t<\/div>\n\t\t<\/section>\n\t\t\t\t<\/div>\n\t\t","protected":false},"excerpt":{"rendered":"<p>Axe 1 Axe 3 : Productions et syst\u00e8mes alimentaires Animation scientifique : Claire Delfosse (Lyon2) et Philippe Fleury (ISARA-Lyon) Le LER a un v\u00e9ritable savoir-faire dans l&rsquo;approche pluridisciplinaire des syst\u00e8me de mise en relation de la production et de la consommation, aussi bien par l&rsquo;observation des univers pratiques de la production, de la transformation ou&#8230;<\/p>\n","protected":false},"author":23,"featured_media":0,"parent":0,"menu_order":0,"comment_status":"closed","ping_status":"closed","template":"","meta":{"_kadence_starter_templates_imported_post":false,"_kad_post_transparent":"","_kad_post_title":"hide","_kad_post_layout":"fullwidth","_kad_post_sidebar_id":"","_kad_post_content_style":"unboxed","_kad_post_vertical_padding":"hide","_kad_post_feature":"hide","_kad_post_feature_position":"","_kad_post_header":false,"_kad_post_footer":false,"_kad_post_classname":"","_mc_calendar":[],"footnotes":""},"class_list":["post-30","page","type-page","status-publish","hentry"],"featured_image_urls_v2":{"full":"","thumbnail":"","medium":"","medium_large":"","large":"","1536x1536":"","2048x2048":""},"post_excerpt_stackable_v2":"<p>Axe 1 Axe 3 : Productions et syst\u00e8mes alimentaires Animation scientifique : Claire Delfosse (Lyon2) et Philippe Fleury (ISARA-Lyon)Le LER a un v\u00e9ritable savoir-faire dans l&rsquo;approche pluridisciplinaire des syst\u00e8me de mise en relation de la production et de la consommation, aussi bien par l&rsquo;observation des univers pratiques de la production, de la transformation ou de la distribution, que par l&rsquo;analyse\u00a0 \u00a0\u00a0\u00a0\u00a0 critique des modes de construction identitaire, des voies d&rsquo;acquisition des signes de qualit\u00e9 ou des strat\u00e9gies de conqu\u00eate ou de fid\u00e9lisation des consommateurs. Plus encore, la r\u00e9flexion et les recherches men\u00e9es sur l&rsquo;alimentation comme objet global ont permis de\u2026<\/p>\n","category_list_v2":"","author_info_v2":{"name":"hkieffer","url":"https:\/\/web.msh-lse.fr\/ler\/author\/hkieffer\/"},"comments_num_v2":"0 commentaire","_links":{"self":[{"href":"https:\/\/web.msh-lse.fr\/ler\/wp-json\/wp\/v2\/pages\/30","targetHints":{"allow":["GET"]}}],"collection":[{"href":"https:\/\/web.msh-lse.fr\/ler\/wp-json\/wp\/v2\/pages"}],"about":[{"href":"https:\/\/web.msh-lse.fr\/ler\/wp-json\/wp\/v2\/types\/page"}],"author":[{"embeddable":true,"href":"https:\/\/web.msh-lse.fr\/ler\/wp-json\/wp\/v2\/users\/23"}],"replies":[{"embeddable":true,"href":"https:\/\/web.msh-lse.fr\/ler\/wp-json\/wp\/v2\/comments?post=30"}],"version-history":[{"count":30,"href":"https:\/\/web.msh-lse.fr\/ler\/wp-json\/wp\/v2\/pages\/30\/revisions"}],"predecessor-version":[{"id":1845,"href":"https:\/\/web.msh-lse.fr\/ler\/wp-json\/wp\/v2\/pages\/30\/revisions\/1845"}],"wp:attachment":[{"href":"https:\/\/web.msh-lse.fr\/ler\/wp-json\/wp\/v2\/media?parent=30"}],"curies":[{"name":"wp","href":"https:\/\/api.w.org\/{rel}","templated":true}]}}