{"id":1351,"date":"2024-03-08T08:53:43","date_gmt":"2024-03-08T07:53:43","guid":{"rendered":"https:\/\/web.msh-lse.fr\/igs-france\/?page_id=1351"},"modified":"2025-12-26T15:57:05","modified_gmt":"2025-12-26T14:57:05","slug":"articles","status":"publish","type":"page","link":"https:\/\/web.msh-lse.fr\/igs-france\/articles\/","title":{"rendered":"Articles"},"content":{"rendered":"\t\t<div data-elementor-type=\"wp-page\" data-elementor-id=\"1351\" class=\"elementor elementor-1351\" data-elementor-post-type=\"page\">\n\t\t\t\t\t\t<section class=\"elementor-section elementor-top-section elementor-element elementor-element-8828dd8 elementor-section-height-min-height elementor-section-items-bottom elementor-section-boxed elementor-section-height-default\" data-id=\"8828dd8\" data-element_type=\"section\" data-e-type=\"section\" data-settings=\"{&quot;background_background&quot;:&quot;classic&quot;}\">\n\t\t\t\t\t\t\t<div class=\"elementor-background-overlay\"><\/div>\n\t\t\t\t\t\t\t<div class=\"elementor-container elementor-column-gap-default\">\n\t\t\t\t\t<div class=\"elementor-column elementor-col-50 elementor-top-column elementor-element elementor-element-6d43801\" data-id=\"6d43801\" data-element_type=\"column\" data-e-type=\"column\">\n\t\t\t<div class=\"elementor-widget-wrap elementor-element-populated\">\n\t\t\t\t\t\t<div class=\"elementor-element elementor-element-9a9b4e4 elementor-hidden-phone elementor-widget elementor-widget-spacer\" data-id=\"9a9b4e4\" data-element_type=\"widget\" data-e-type=\"widget\" data-widget_type=\"spacer.default\">\n\t\t\t\t<div class=\"elementor-widget-container\">\n\t\t\t\t\t\t\t<div class=\"elementor-spacer\">\n\t\t\t<div class=\"elementor-spacer-inner\"><\/div>\n\t\t<\/div>\n\t\t\t\t\t\t<\/div>\n\t\t\t\t<\/div>\n\t\t\t\t\t<\/div>\n\t\t<\/div>\n\t\t\t\t<div class=\"elementor-column elementor-col-50 elementor-top-column elementor-element elementor-element-da860e5\" data-id=\"da860e5\" data-element_type=\"column\" data-e-type=\"column\">\n\t\t\t<div class=\"elementor-widget-wrap\">\n\t\t\t\t\t\t\t<\/div>\n\t\t<\/div>\n\t\t\t\t\t<\/div>\n\t\t<\/section>\n\t\t\t\t<section class=\"elementor-section elementor-top-section elementor-element elementor-element-34b828a elementor-reverse-mobile elementor-section-boxed elementor-section-height-default elementor-section-height-default\" data-id=\"34b828a\" data-element_type=\"section\" data-e-type=\"section\">\n\t\t\t\t\t\t<div class=\"elementor-container elementor-column-gap-default\">\n\t\t\t\t\t<div class=\"elementor-column elementor-col-50 elementor-top-column elementor-element elementor-element-aef019a\" data-id=\"aef019a\" data-element_type=\"column\" data-e-type=\"column\">\n\t\t\t<div class=\"elementor-widget-wrap elementor-element-populated\">\n\t\t\t\t\t\t<div class=\"elementor-element elementor-element-10a8d9a elementor-widget elementor-widget-heading\" data-id=\"10a8d9a\" data-element_type=\"widget\" data-e-type=\"widget\" data-widget_type=\"heading.default\">\n\t\t\t\t<div class=\"elementor-widget-container\">\n\t\t\t\t\t<h2 class=\"elementor-heading-title elementor-size-default\">Articles<br><\/h2>\t\t\t\t<\/div>\n\t\t\t\t<\/div>\n\t\t\t\t\t<\/div>\n\t\t<\/div>\n\t\t\t\t<div class=\"elementor-column elementor-col-50 elementor-top-column elementor-element elementor-element-beed6a0\" data-id=\"beed6a0\" data-element_type=\"column\" data-e-type=\"column\" data-settings=\"{&quot;background_background&quot;:&quot;classic&quot;}\">\n\t\t\t<div class=\"elementor-widget-wrap\">\n\t\t\t\t\t\t\t<\/div>\n\t\t<\/div>\n\t\t\t\t\t<\/div>\n\t\t<\/section>\n\t\t\t\t<section class=\"elementor-section elementor-top-section elementor-element elementor-element-3718d00 elementor-section-boxed elementor-section-height-default elementor-section-height-default\" data-id=\"3718d00\" data-element_type=\"section\" data-e-type=\"section\">\n\t\t\t\t\t\t<div class=\"elementor-container elementor-column-gap-default\">\n\t\t\t\t\t<div class=\"elementor-column elementor-col-100 elementor-top-column elementor-element elementor-element-5dad861\" data-id=\"5dad861\" data-element_type=\"column\" data-e-type=\"column\">\n\t\t\t<div class=\"elementor-widget-wrap elementor-element-populated\">\n\t\t\t\t\t\t<div class=\"elementor-element elementor-element-feb7331 elementor-widget elementor-widget-text-editor\" data-id=\"feb7331\" data-element_type=\"widget\" data-e-type=\"widget\" data-widget_type=\"text-editor.default\">\n\t\t\t\t<div class=\"elementor-widget-container\">\n\t\t\t\t\t\t\t\t\t<p><a href=\"https:\/\/journals.openedition.org\/asterion\/12172\"><strong>\u00ab\u00a0Gramsci et la pens\u00e9e populaire\u00a0\u00bb, num\u00e9ro de la revue <em>Ast\u00e9rion. Philosophie, histoire des id\u00e9es, pens\u00e9e politique<\/em>, 33\/2025, dirig\u00e9 par Maririta Guerbo et Louis Rouquayrol<\/strong><\/a><\/p><p><em>Contributions de Yohann Douet, Th\u00e9o Favre Rochex, Maririta Guerbo, Marie Lucas, Jean Qu\u00e9tier, Louis Rouquayrol, Camilla Sclocco<\/em><\/p>\t\t\t\t\t\t\t\t<\/div>\n\t\t\t\t<\/div>\n\t\t\t\t\t<\/div>\n\t\t<\/div>\n\t\t\t\t\t<\/div>\n\t\t<\/section>\n\t\t\t\t<section class=\"elementor-section elementor-top-section elementor-element elementor-element-75ca4b7 elementor-section-boxed elementor-section-height-default elementor-section-height-default\" data-id=\"75ca4b7\" data-element_type=\"section\" data-e-type=\"section\">\n\t\t\t\t\t\t<div class=\"elementor-container elementor-column-gap-default\">\n\t\t\t\t\t<div class=\"elementor-column elementor-col-100 elementor-top-column elementor-element elementor-element-587b337\" data-id=\"587b337\" data-element_type=\"column\" data-e-type=\"column\">\n\t\t\t<div class=\"elementor-widget-wrap elementor-element-populated\">\n\t\t\t\t\t\t<div class=\"elementor-element elementor-element-8969592 elementor-widget elementor-widget-text-editor\" data-id=\"8969592\" data-element_type=\"widget\" data-e-type=\"widget\" data-widget_type=\"text-editor.default\">\n\t\t\t\t<div class=\"elementor-widget-container\">\n\t\t\t\t\t\t\t\t\t<p><strong><a href=\"https:\/\/classiques-garnier.com\/revue-des-etudes-italiennes-2025-1-n-5-theorie-de-la-culture-et-critique-litteraire-chez-gramsci.html\" target=\"_blank\" rel=\"noopener\">\u201cTh\u00e9orie de la culture et critique litt\u00e9raire chez Gramsci\u201d,<\/a> num\u00e9ro de la <em>Revue des \u00e9tudes italiennes<\/em>, dirig\u00e9 par Paolo Desogus et Davide Luglio<\/strong><\/p><p><em>Contributions de Stefania Achella, Paolo Desogus, Yohann Douet, Davide Luglio, Camilla Sclocco, Emanuele Zinato.<\/em><\/p>\t\t\t\t\t\t\t\t<\/div>\n\t\t\t\t<\/div>\n\t\t\t\t\t<\/div>\n\t\t<\/div>\n\t\t\t\t\t<\/div>\n\t\t<\/section>\n\t\t\t\t<section class=\"elementor-section elementor-top-section elementor-element elementor-element-12b67ad elementor-section-boxed elementor-section-height-default elementor-section-height-default\" data-id=\"12b67ad\" data-element_type=\"section\" data-e-type=\"section\">\n\t\t\t\t\t\t<div class=\"elementor-container elementor-column-gap-default\">\n\t\t\t\t\t<div class=\"elementor-column elementor-col-100 elementor-top-column elementor-element elementor-element-ac4e825\" data-id=\"ac4e825\" data-element_type=\"column\" data-e-type=\"column\">\n\t\t\t<div class=\"elementor-widget-wrap elementor-element-populated\">\n\t\t\t\t\t\t<div class=\"elementor-element elementor-element-13dbc4c elementor-widget elementor-widget-text-editor\" data-id=\"13dbc4c\" data-element_type=\"widget\" data-e-type=\"widget\" data-widget_type=\"text-editor.default\">\n\t\t\t\t<div class=\"elementor-widget-container\">\n\t\t\t\t\t\t\t\t\t<p><strong><a href=\"https:\/\/legrandcontinent.eu\/fr\/2024\/12\/30\/dans-un-monde-grand-et-terrible-antonio-gramsci-face-au-fascisme\/\">Jean-Claude Zancarini, \u00ab\u00a0Dans un monde grand et terrible\u00a0\u00bb : Antonio Gramsci face au fascisme\u00a0\u00bb<\/a>, <em>Le Grand continent<\/em>, d\u00e9cembre 2024.<\/strong><\/p>\t\t\t\t\t\t\t\t<\/div>\n\t\t\t\t<\/div>\n\t\t\t\t<div class=\"elementor-element elementor-element-bef1efb elementor-widget elementor-widget-text-editor\" data-id=\"bef1efb\" data-element_type=\"widget\" data-e-type=\"widget\" data-widget_type=\"text-editor.default\">\n\t\t\t\t<div class=\"elementor-widget-container\">\n\t\t\t\t\t\t\t\t\t<p><strong>Yohann Douet, <a href=\"https:\/\/legrandcontinent.eu\/fr\/2024\/12\/31\/lecons-pour-une-tactique-antifasciste-relire-le-cours-sur-les-adversaires-de-togliatti\/\">\u00ab\u00a0Le\u00e7ons pour une strat\u00e9gie antifasciste : le \u00ab\u00a0Cours sur les adversaires\u00a0\u00bb de Togliatti\u00a0\u00bb<\/a>, <em>Le Grand continent<\/em>, d\u00e9cembre 2024.<\/strong><\/p>\t\t\t\t\t\t\t\t<\/div>\n\t\t\t\t<\/div>\n\t\t\t\t<div class=\"elementor-element elementor-element-3ff3e56 elementor-widget elementor-widget-text-editor\" data-id=\"3ff3e56\" data-element_type=\"widget\" data-e-type=\"widget\" data-widget_type=\"text-editor.default\">\n\t\t\t\t<div class=\"elementor-widget-container\">\n\t\t\t\t\t\t\t\t\t<p><strong><a href=\"https:\/\/journals.openedition.org\/laboratoireitalien\/12437\">H\u00e9lo\u00efse Faucherre-Buresi, Marie Lucas (dir.), \u00ab\u00a0Mezzogiorno, subalternit\u00e9 et folklore (de l&rsquo;Unit\u00e9 aux ann\u00e9es 1950)\u00a0\u00bb<\/a>, <em>Laboratoire italien<\/em><\/strong>, n\u00b0 33, 2024<\/p><p><em>Contributions de Giacomo Tarascio, Valeria Tettamanti, \u00c9lodie Hachet, Federica Petrone, C\u00e9cile Mit\u00e9ran, Ugo Russo, Rapha\u00ebl Bories, Francesco Lesce, Maririta Guerbo, Francesco Faeta et Domenico Faeta, Alfonsina Bellio et Marcello Must\u00e8.<\/em><\/p>\t\t\t\t\t\t\t\t<\/div>\n\t\t\t\t<\/div>\n\t\t\t\t\t<\/div>\n\t\t<\/div>\n\t\t\t\t\t<\/div>\n\t\t<\/section>\n\t\t\t\t<section class=\"elementor-section elementor-top-section elementor-element elementor-element-6149bba elementor-section-boxed elementor-section-height-default elementor-section-height-default\" data-id=\"6149bba\" data-element_type=\"section\" data-e-type=\"section\">\n\t\t\t\t\t\t<div class=\"elementor-container elementor-column-gap-default\">\n\t\t\t\t\t<div class=\"elementor-column elementor-col-100 elementor-top-column elementor-element elementor-element-380b89d\" data-id=\"380b89d\" data-element_type=\"column\" data-e-type=\"column\">\n\t\t\t<div class=\"elementor-widget-wrap elementor-element-populated\">\n\t\t\t\t\t\t<div class=\"elementor-element elementor-element-ee10d9d elementor-widget elementor-widget-text-editor\" data-id=\"ee10d9d\" data-element_type=\"widget\" data-e-type=\"widget\" data-widget_type=\"text-editor.default\">\n\t\t\t\t<div class=\"elementor-widget-container\">\n\t\t\t\t\t\t\t\t\t<p><strong><a href=\"https:\/\/journals.uniurb.it\/index.php\/igj\/issue\/view\/425\">Giuseppe Cospito, Fabio Frosini, Anxo Garrido (dir.), \u00ab\u00a0Gramsci e la &lsquo;filosofia'\u00a0\u00bb <em>International Gramsci Journal<\/em><\/a><\/strong>, v. 5, n\u00b0 4, d\u00e9cembre 2024 <\/p><p><em>Articles de Agust\u00edn Artes, Dante Ariel Arag\u00f3n Moreno, Giacomo Tarascio, Miguel Candioti, Giorgio Grimaldi, Natalia Gaboardi, Robert P. Jackson, Sebastiano Pirotta, Simone Coletto, Giuliano Guzzone, Marie Lucas, Fabio Frosini.<\/em><\/p>\t\t\t\t\t\t\t\t<\/div>\n\t\t\t\t<\/div>\n\t\t\t\t\t<\/div>\n\t\t<\/div>\n\t\t\t\t\t<\/div>\n\t\t<\/section>\n\t\t\t\t<section class=\"elementor-section elementor-top-section elementor-element elementor-element-d7cdb38 elementor-section-boxed elementor-section-height-default elementor-section-height-default\" data-id=\"d7cdb38\" data-element_type=\"section\" data-e-type=\"section\">\n\t\t\t\t\t\t<div class=\"elementor-container elementor-column-gap-default\">\n\t\t\t\t\t<div class=\"elementor-column elementor-col-100 elementor-top-column elementor-element elementor-element-337e922\" data-id=\"337e922\" data-element_type=\"column\" data-e-type=\"column\">\n\t\t\t<div class=\"elementor-widget-wrap elementor-element-populated\">\n\t\t\t\t\t\t<div class=\"elementor-element elementor-element-9458623 elementor-widget elementor-widget-text-editor\" data-id=\"9458623\" data-element_type=\"widget\" data-e-type=\"widget\" data-widget_type=\"text-editor.default\">\n\t\t\t\t<div class=\"elementor-widget-container\">\n\t\t\t\t\t\t\t\t\t<p><a href=\"https:\/\/revistareflexoes.com.br\/artigos\/le-gramsci-dandre-tosel-la-mediation-deric-weil\/\"><strong>Vincent Charbonnier, \u00ab\u00a0Le Gramsci d&rsquo;Andr\u00e9 Tosel : la m\u00e9diation d&rsquo;\u00c9ric Weil\u00a0\u00bb<\/strong><\/a>, <em>Reflexoes. Revista Semestral do Grupo de Estudos em Politica, Educa\u00e7ao e \u00c9tica<\/em>, a. 13, n\u00b0 25, 2024<\/p><p><em>\u00c9ric Weil a \u00e9t\u00e9 une m\u00e9diation essentielle dans l\u2019appropriation de la pens\u00e9e de Gramsci par Andr\u00e9 Tosel. Weil a non seulement indiqu\u00e9 cette \u00e9laboration \u00e0 Tosel, mais la pens\u00e9e de Weil a servi de terreau pour penser l\u2019apport sp\u00e9cifique de Gramsci par le truchement de son th\u00e8me la \u00ab\u2009philosophie de la praxis\u2009\u00bb. Plus largement et dans la continuit\u00e9 des questions soulev\u00e9es par Gramsci, la r\u00e9flexion de Weil, en particulier sur l\u2019Action, interroge le marxisme et lui pose la question de sa propre compr\u00e9hension et de sa valeur critique, pour le pass\u00e9, le pr\u00e9sent et l\u2019avenir.<\/em><\/p>\t\t\t\t\t\t\t\t<\/div>\n\t\t\t\t<\/div>\n\t\t\t\t\t<\/div>\n\t\t<\/div>\n\t\t\t\t\t<\/div>\n\t\t<\/section>\n\t\t\t\t<section class=\"elementor-section elementor-top-section elementor-element elementor-element-c05769e elementor-section-boxed elementor-section-height-default elementor-section-height-default\" data-id=\"c05769e\" data-element_type=\"section\" data-e-type=\"section\">\n\t\t\t\t\t\t<div class=\"elementor-container elementor-column-gap-default\">\n\t\t\t\t\t<div class=\"elementor-column elementor-col-100 elementor-top-column elementor-element elementor-element-91164f5\" data-id=\"91164f5\" data-element_type=\"column\" data-e-type=\"column\">\n\t\t\t<div class=\"elementor-widget-wrap elementor-element-populated\">\n\t\t\t\t\t\t<div class=\"elementor-element elementor-element-7bd93a8 elementor-widget elementor-widget-text-editor\" data-id=\"7bd93a8\" data-element_type=\"widget\" data-e-type=\"widget\" data-widget_type=\"text-editor.default\">\n\t\t\t\t<div class=\"elementor-widget-container\">\n\t\t\t\t\t\t\t\t\t<p><strong><em>International Gramsci Journal<\/em>. Volume 5, num\u00e9ro 3 (2024)<\/strong>. <span style=\"font-size: large\">Publication en italien et en anglais de ses r\u00e9dactions du lyc\u00e9e (avec une \u00e9tude de Maria Luisa Righi) ; \u00e9tude sur la traduction par Gramsci des contes de Grimm, etc., <a href=\"https:\/\/ro.uow.edu.au\/gramsci\/vol5\/iss3\/\">sommaire et articles disponibles \u00e0 ce lien<\/a><\/span><em><span style=\"font-size: large\"><br \/><\/span><\/em><\/p>\t\t\t\t\t\t\t\t<\/div>\n\t\t\t\t<\/div>\n\t\t\t\t\t<\/div>\n\t\t<\/div>\n\t\t\t\t\t<\/div>\n\t\t<\/section>\n\t\t\t\t<section class=\"elementor-section elementor-top-section elementor-element elementor-element-5591da9 elementor-section-boxed elementor-section-height-default elementor-section-height-default\" data-id=\"5591da9\" data-element_type=\"section\" data-e-type=\"section\">\n\t\t\t\t\t\t<div class=\"elementor-container elementor-column-gap-default\">\n\t\t\t\t\t<div class=\"elementor-column elementor-col-100 elementor-top-column elementor-element elementor-element-a5447c3\" data-id=\"a5447c3\" data-element_type=\"column\" data-e-type=\"column\">\n\t\t\t<div class=\"elementor-widget-wrap elementor-element-populated\">\n\t\t\t\t\t\t<div class=\"elementor-element elementor-element-c7b9143 elementor-widget elementor-widget-text-editor\" data-id=\"c7b9143\" data-element_type=\"widget\" data-e-type=\"widget\" data-widget_type=\"text-editor.default\">\n\t\t\t\t<div class=\"elementor-widget-container\">\n\t\t\t\t\t\t\t\t\t<p><a href=\"https:\/\/aoc.media\/fiction\/2024\/05\/25\/fables-politiques\/\"><strong>\u00ab\u00a0Fables politiques\u00a0\u00bb d&rsquo;Antonio Gramsci (traduites par R. Descendre et J-C. Zancarini)<\/strong> &#8211; <em>AOC media<\/em><\/a><em>,<\/em> 25 mai 2024<\/p><p><em>On savait que Gramsci \u00e9tait un \u00e9crivain. Mais beaucoup moins qu\u2019il \u00e9crivait des contes et fables, dont il \u00e9maillait ses articles ou lettres. On doit \u00e0 Romain Descendre et Jean-Claude Zancarini d\u2019avoir fait la lumi\u00e8re, dans les colonnes d\u2019AOC, sur les utilisations fallacieuses de Gramsci par l\u2019extr\u00eame droite. Ils traduisent et pr\u00e9sentent aujourd\u2019hui sept r\u00e9cits brefs et in\u00e9dits, qui illustrent leur fonction : une continuation de la politique par d\u2019autres moyens.<\/em><\/p>\t\t\t\t\t\t\t\t<\/div>\n\t\t\t\t<\/div>\n\t\t\t\t<div class=\"elementor-element elementor-element-3fbb5b4 elementor-widget elementor-widget-text-editor\" data-id=\"3fbb5b4\" data-element_type=\"widget\" data-e-type=\"widget\" data-widget_type=\"text-editor.default\">\n\t\t\t\t<div class=\"elementor-widget-container\">\n\t\t\t\t\t\t\t\t\t<p><a href=\"https:\/\/journals.openedition.org\/asterion\/10438#quotation\"><strong>Recension de <em>L&rsquo;h\u00e9g\u00e9monie et la r\u00e9volution<\/em>, de Yohann Douet (Amsterdam, 2023) par Marie Lucas<\/strong> dans <em>Ast\u00e9rion<\/em>, \u00ab\u00a0Lectures et discussions\u00a0\u00bb (avril 2024)<\/a><\/p>\t\t\t\t\t\t\t\t<\/div>\n\t\t\t\t<\/div>\n\t\t\t\t\t<\/div>\n\t\t<\/div>\n\t\t\t\t\t<\/div>\n\t\t<\/section>\n\t\t\t\t<section class=\"elementor-section elementor-top-section elementor-element elementor-element-3e8ffaa elementor-section-boxed elementor-section-height-default elementor-section-height-default\" data-id=\"3e8ffaa\" data-element_type=\"section\" data-e-type=\"section\">\n\t\t\t\t\t\t<div class=\"elementor-container elementor-column-gap-default\">\n\t\t\t\t\t<div class=\"elementor-column elementor-col-100 elementor-top-column elementor-element elementor-element-b5e195c\" data-id=\"b5e195c\" data-element_type=\"column\" data-e-type=\"column\">\n\t\t\t<div class=\"elementor-widget-wrap elementor-element-populated\">\n\t\t\t\t\t\t<div class=\"elementor-element elementor-element-a215ce0 elementor-widget elementor-widget-text-editor\" data-id=\"a215ce0\" data-element_type=\"widget\" data-e-type=\"widget\" data-widget_type=\"text-editor.default\">\n\t\t\t\t<div class=\"elementor-widget-container\">\n\t\t\t\t\t\t\t\t\t<p><strong><a href=\"https:\/\/laviedesidees.fr\/Gramsci-face-au-monde-grand-et-terrible\">\u00ab\u00a0Gramsci face au monde grand et terrible\u00a0\u00bb<\/a>, recension de <em>L&rsquo;Oeuvre-vie d&rsquo;Antonio Gramsci<\/em>, de Romain Descendre et Jean-Claude Zancarini (La D\u00e9couverte, 2023) par Yohann Douet<\/strong> dans <em>La Vie des id\u00e9es, <\/em>6 septembre 2023<em><br \/><\/em><\/p>\t\t\t\t\t\t\t\t<\/div>\n\t\t\t\t<\/div>\n\t\t\t\t<div class=\"elementor-element elementor-element-cf74f56 elementor-widget__width-initial elementor-widget elementor-widget-text-editor\" data-id=\"cf74f56\" data-element_type=\"widget\" data-e-type=\"widget\" data-widget_type=\"text-editor.default\">\n\t\t\t\t<div class=\"elementor-widget-container\">\n\t\t\t\t\t\t\t\t\t<p><a href=\"http:\/\/Zancarini \u00ab L\u2019improbable gramscisme de droite \u00bb\" data-wplink-url-error=\"true\"><strong>Jean-Claude Zancarini, \u00ab\u00a0L&rsquo;improbable gramscisme de droite\u00a0\u00bb<\/strong>, <em>AOC<\/em>, 25 avril 2023<\/a><\/p><p><em>Depuis la victoire de la gauche en 1981, certains \u00e0 droite ont commenc\u00e9 \u00e0 \u00e9noncer l\u2019id\u00e9e que leur revanche politique devait d\u2019abord se traduire par une victoire au plan des id\u00e9es, allant jusqu\u2019\u00e0 citer un auteur qu\u2019ils n\u2019avaient en g\u00e9n\u00e9ral pas lu : Antonio Gramsci. D\u2019o\u00f9 l\u2019id\u00e9e fallacieuse depuis lors qu\u2019existerait un \u00ab gramscisme de droite \u00bb. Retour sur ces mythes, simplifications et autres falsifications.<\/em><\/p>\t\t\t\t\t\t\t\t<\/div>\n\t\t\t\t<\/div>\n\t\t\t\t\t<\/div>\n\t\t<\/div>\n\t\t\t\t\t<\/div>\n\t\t<\/section>\n\t\t\t\t<section class=\"elementor-section elementor-top-section elementor-element elementor-element-9b89a1e elementor-section-boxed elementor-section-height-default elementor-section-height-default\" data-id=\"9b89a1e\" data-element_type=\"section\" data-e-type=\"section\">\n\t\t\t\t\t\t<div class=\"elementor-container elementor-column-gap-default\">\n\t\t\t\t\t<div class=\"elementor-column elementor-col-100 elementor-top-column elementor-element elementor-element-b61e4f9\" data-id=\"b61e4f9\" data-element_type=\"column\" data-e-type=\"column\">\n\t\t\t<div class=\"elementor-widget-wrap elementor-element-populated\">\n\t\t\t\t\t\t<div class=\"elementor-element elementor-element-fcde70d elementor-widget elementor-widget-text-editor\" data-id=\"fcde70d\" data-element_type=\"widget\" data-e-type=\"widget\" data-widget_type=\"text-editor.default\">\n\t\t\t\t<div class=\"elementor-widget-container\">\n\t\t\t\t\t\t\t\t\t<p><a href=\"https:\/\/journals.openedition.org\/lectures\/61860\"><strong>Recension de <i>L&rsquo;oeuvre-vie d&rsquo;Antonio Gramsci,<\/i> de Romain Descendre et Jean-Claude Zancarini (La D\u00e9couverte, 2023) par St\u00e9phane Olivesi<\/strong> dans <i>Lectures<\/i>, \u00ab\u00a0Les comptes rendus \/ 2023\u00a0\u00bb<\/a><\/p>\t\t\t\t\t\t\t\t<\/div>\n\t\t\t\t<\/div>\n\t\t\t\t\t<\/div>\n\t\t<\/div>\n\t\t\t\t\t<\/div>\n\t\t<\/section>\n\t\t\t\t<section class=\"elementor-section elementor-top-section elementor-element elementor-element-fe38226 elementor-section-boxed elementor-section-height-default elementor-section-height-default\" data-id=\"fe38226\" data-element_type=\"section\" data-e-type=\"section\">\n\t\t\t\t\t\t<div class=\"elementor-container elementor-column-gap-default\">\n\t\t\t\t\t<div class=\"elementor-column elementor-col-100 elementor-top-column elementor-element elementor-element-7327320\" data-id=\"7327320\" data-element_type=\"column\" data-e-type=\"column\">\n\t\t\t<div class=\"elementor-widget-wrap\">\n\t\t\t\t\t\t\t<\/div>\n\t\t<\/div>\n\t\t\t\t\t<\/div>\n\t\t<\/section>\n\t\t\t\t<\/div>\n\t\t","protected":false},"excerpt":{"rendered":"<p>Articles \u00ab\u00a0Gramsci et la pens\u00e9e populaire\u00a0\u00bb, num\u00e9ro de la revue Ast\u00e9rion. Philosophie, histoire des id\u00e9es, pens\u00e9e politique, 33\/2025, dirig\u00e9 par Maririta Guerbo et Louis Rouquayrol Contributions de Yohann Douet, Th\u00e9o Favre Rochex, Maririta Guerbo, Marie Lucas, Jean Qu\u00e9tier, Louis Rouquayrol, Camilla Sclocco \u201cTh\u00e9orie de la culture et critique litt\u00e9raire chez Gramsci\u201d, num\u00e9ro de la Revue&#8230;<\/p>\n","protected":false},"author":23,"featured_media":0,"parent":0,"menu_order":0,"comment_status":"closed","ping_status":"closed","template":"elementor_header_footer","meta":{"_kadence_starter_templates_imported_post":true,"_kad_post_transparent":"","_kad_post_title":"hide","_kad_post_layout":"normal","_kad_post_sidebar_id":"","_kad_post_content_style":"unboxed","_kad_post_vertical_padding":"hide","_kad_post_feature":"hide","_kad_post_feature_position":"","_kad_post_header":false,"_kad_post_footer":false,"_kad_post_classname":"","footnotes":""},"class_list":["post-1351","page","type-page","status-publish","hentry"],"_links":{"self":[{"href":"https:\/\/web.msh-lse.fr\/igs-france\/wp-json\/wp\/v2\/pages\/1351","targetHints":{"allow":["GET"]}}],"collection":[{"href":"https:\/\/web.msh-lse.fr\/igs-france\/wp-json\/wp\/v2\/pages"}],"about":[{"href":"https:\/\/web.msh-lse.fr\/igs-france\/wp-json\/wp\/v2\/types\/page"}],"author":[{"embeddable":true,"href":"https:\/\/web.msh-lse.fr\/igs-france\/wp-json\/wp\/v2\/users\/23"}],"replies":[{"embeddable":true,"href":"https:\/\/web.msh-lse.fr\/igs-france\/wp-json\/wp\/v2\/comments?post=1351"}],"version-history":[{"count":100,"href":"https:\/\/web.msh-lse.fr\/igs-france\/wp-json\/wp\/v2\/pages\/1351\/revisions"}],"predecessor-version":[{"id":2338,"href":"https:\/\/web.msh-lse.fr\/igs-france\/wp-json\/wp\/v2\/pages\/1351\/revisions\/2338"}],"wp:attachment":[{"href":"https:\/\/web.msh-lse.fr\/igs-france\/wp-json\/wp\/v2\/media?parent=1351"}],"curies":[{"name":"wp","href":"https:\/\/api.w.org\/{rel}","templated":true}]}}