{"id":1699,"date":"2021-06-10T15:05:23","date_gmt":"2021-06-10T13:05:23","guid":{"rendered":"https:\/\/web.msh-lse.fr\/covimob\/?page_id=1699"},"modified":"2022-12-21T12:58:57","modified_gmt":"2022-12-21T11:58:57","slug":"page-1","status":"publish","type":"page","link":"https:\/\/web.msh-lse.fr\/covimob\/page-1\/","title":{"rendered":"Les rapports &#8211; Technical reports"},"content":{"rendered":"\t\t<div data-elementor-type=\"wp-page\" data-elementor-id=\"1699\" class=\"elementor elementor-1699\" data-elementor-post-type=\"page\">\n\t\t\t\t\t\t<section class=\"elementor-section elementor-top-section elementor-element elementor-element-390aade1 elementor-section-boxed elementor-section-height-default elementor-section-height-default\" data-id=\"390aade1\" data-element_type=\"section\" data-e-type=\"section\">\n\t\t\t\t\t\t<div class=\"elementor-container elementor-column-gap-default\">\n\t\t\t\t\t<div class=\"elementor-column elementor-col-100 elementor-top-column elementor-element elementor-element-6f3e2e50\" data-id=\"6f3e2e50\" data-element_type=\"column\" data-e-type=\"column\">\n\t\t\t<div class=\"elementor-widget-wrap elementor-element-populated\">\n\t\t\t\t\t\t<div class=\"elementor-element elementor-element-1b74dc59 elementor-widget elementor-widget-text-editor\" data-id=\"1b74dc59\" data-element_type=\"widget\" data-e-type=\"widget\" data-widget_type=\"text-editor.default\">\n\t\t\t\t<div class=\"elementor-widget-container\">\n\t\t\t\t\t\t\t\t\t\n<p>\u00a0<\/p>\n\n<p><strong><strong><span class=\"tadv-color\" style=\"color: #3182ce;\"><a href=\"https:\/\/web.msh-lse.fr\/covimob\/wp-content\/uploads\/sites\/11\/2021\/06\/COVIMOB_Note-1_evolution-de-la-repartition-modale-2.pdf\" target=\"_blank\" rel=\"noreferrer noopener\" data-type=\"URL\" data-id=\"https:\/\/web.msh-lse.fr\/covimob\/wp-content\/uploads\/sites\/11\/2021\/06\/COVIMOB_Note-1_evolution-de-la-repartition-modale-2.pdf\">Evolution de la r\u00e9partition modale &amp; focus sur l\u2019usage des TC et du v\u00e9lo.<br \/>Note d\u2019analyse n\u00b01 du projet COVIMOB<\/a><\/span><\/strong><\/strong>.<\/p>\n\n<p style=\"line-height: 1.2;\">Ce rapport a pour objectif la pr\u00e9sentation des \u00e9volutions r\u00e9centes de mobilit\u00e9 et en particulier de la r\u00e9partition modale des d\u00e9placements dans le p\u00e9rim\u00e8tre \u00e9tudi\u00e9, la M\u00e9tropole de Lyon et le d\u00e9partement du Rh\u00f4ne.<\/p>\n\n<p style=\"line-height: 1.2;\">The purpose of this report (in French only) is to present recent changes in mobility and in particular the modal split of travel in the area studied, the M\u00e9tropole de Lyon and the Rh\u00f4ne department.<\/p>\n\n<div class=\"wp-block-group\"><div class=\"wp-block-group__inner-container is-layout-flow wp-block-group-is-layout-flow\">\n<p>\u00a0<\/p>\n<\/div><\/div>\n\n<p><a href=\"https:\/\/web.msh-lse.fr\/covimob\/wp-content\/uploads\/sites\/11\/2021\/06\/COVIMOB_Note-2_teletravail-et-mobilite-domicile-travail-1.pdf\" target=\"_blank\" rel=\"noreferrer noopener\" data-type=\"URL\" data-id=\"https:\/\/web.msh-lse.fr\/covimob\/wp-content\/uploads\/sites\/11\/2021\/06\/COVIMOB_Note-2_teletravail-et-mobilite-domicile-travail-1.pdf\"><strong><span class=\"tadv-color\" style=\"color: #3182ce;\">D\u00e9veloppement des pratiques de t\u00e9l\u00e9travail et mobilit\u00e9 domicile-travail.<br \/>Note d\u2019analyse n\u00b02 du projet COVIMOB<\/span><\/strong>.<\/a><\/p>\n\n<p style=\"line-height: 1.2;\">Ce rapport a pour objectif de faire le point sur les pratiques de t\u00e9l\u00e9travail ayant eu cours avant, pendant la p\u00e9riode de confinement du printemps 2020 et dans les mois qui ont suivi sur le territoire de la M\u00e9tropole de Lyon et du d\u00e9partement du Rh\u00f4ne, et de leurs implications en termes de mobilit\u00e9 au sein des espaces du quotidien &#8211; nous ne traitons pas de la mobilit\u00e9 interurbaine \u00e0 longue distance.<\/p>\n\n<p style=\"line-height: 1.2;\">The purpose of this report (in French only) is to take stock of the teleworking practices that took place before, during the confinement period of spring 2020 and in the months that followed on the territory of the M\u00e9tropole de Lyon and the Rh\u00f4ne department, and of their implications in terms of mobility within everyday spaces &#8211; we are not dealing with long-distance interurban mobility.<\/p>\n\n<p>\u00a0<\/p>\n\n<p><strong><span class=\"tadv-color\" style=\"color: #3182ce;\">E<\/span><\/strong><a href=\"https:\/\/web.msh-lse.fr\/covimob\/wp-content\/uploads\/sites\/11\/2021\/06\/COVIMOB_Note-3_elements-methodologiques-1.pdf\" target=\"_blank\" rel=\"noreferrer noopener\" data-type=\"URL\" data-id=\"https:\/\/web.msh-lse.fr\/covimob\/wp-content\/uploads\/sites\/11\/2021\/06\/COVIMOB_Note-3_elements-methodologiques-1.pdf\"><strong><span class=\"tadv-color\" style=\"color: #3182ce;\">l\u00e9ments m\u00e9thodologiques. <\/span><\/strong><br \/><strong><span class=\"tadv-color\" style=\"color: #3182ce;\">Note n\u00b03 du projet COVIMOB<\/span><\/strong><\/a><\/p>\n\n<p style=\"line-height: 1.2;\">Ce rapport explique le dispositif m\u00e9thodologique, en pr\u00e9sentant chacun des trois grands types de donn\u00e9es mobilis\u00e9es \u2013 donn\u00e9es de comptage et donn\u00e9es mobiles ; donn\u00e9es d\u2019enqu\u00eates quantitatives aupr\u00e8s des r\u00e9sidents de la m\u00e9tropole et du d\u00e9partement du Rh\u00f4ne ; donn\u00e9es de l\u2019enqu\u00eate qualitative aupr\u00e8s des r\u00e9sidents de la m\u00e9tropole et du d\u00e9partement du Rh\u00f4ne.<\/p>\n\n<p style=\"line-height: 1.2;\">This report (in French only) explains the methodological approchan, presenting each of the three main types of data used \u2013 counting data and mobile data; data from quantitative surveys of residents of metropolitan France and the Rh\u00f4ne department; data from the qualitative survey of residents of metropolitan France and the Rh\u00f4ne department.<\/p>\n\n<p>\u00a0<\/p>\n\n<p><a href=\"https:\/\/web.msh-lse.fr\/covimob\/wp-content\/uploads\/sites\/11\/2022\/12\/Rapport-T2_vf.pdf\"><span style=\"color: #3182ce;\"><strong>Evolutions de l\u2019usage des modes de transport et des pratiques de t\u00e9l\u00e9travail \u00e0 travers l\u2019enqu\u00eate panel T2 (avril 2021)<\/strong>.<\/span><\/a><a href=\"https:\/\/web.msh-lse.fr\/covimob\/wp-content\/uploads\/sites\/11\/2022\/12\/Rapport-T2_vf.pdf\"><span style=\"color: #3182ce;\"><br \/><\/span><span style=\"color: #3182ce;\"><strong><span class=\"tadv-color\">Note n\u00b04 du projet COVIMOB<\/span><\/strong><\/span><\/a><\/p>\n\n<p>Ce rapport a pour objectif la pr\u00e9sentation des \u00e9volutions de l&rsquo;usage des modes de transport et des pratiques de t\u00e9l\u00e9travail en avril 2021, dans le p\u00e9rim\u00e8tre de la M\u00e9tropole de Lyon et du d\u00e9partement du Rh\u00f4ne, pour un \u00e9chantillon ayant r\u00e9pondu \u00e0 un enqu\u00eate pr\u00e9c\u00e9dente en juin 2020 avec une approche comparative entre les deux p\u00e9riodes.<\/p>\n\n<p>The purpose of this report is to present the evolution of the use of transport modes and telework practices in April 2021, in the perimeter of the M\u00e9tropole of Lyon and the Rh\u00f4ne department, for a sample having answered a previous survey in June 2020 with a comparative approach between the two periods.<\/p>\n\t\t\t\t\t\t\t\t<\/div>\n\t\t\t\t<\/div>\n\t\t\t\t\t<\/div>\n\t\t<\/div>\n\t\t\t\t\t<\/div>\n\t\t<\/section>\n\t\t\t\t<\/div>\n\t\t","protected":false},"excerpt":{"rendered":"<p>\u00a0 Evolution de la r\u00e9partition modale &amp; focus sur l\u2019usage des TC et du v\u00e9lo.Note d\u2019analyse n\u00b01 du projet COVIMOB. Ce rapport a pour objectif la pr\u00e9sentation des \u00e9volutions r\u00e9centes de mobilit\u00e9 et en particulier de la r\u00e9partition modale des d\u00e9placements dans le p\u00e9rim\u00e8tre \u00e9tudi\u00e9, la M\u00e9tropole de Lyon et le d\u00e9partement du Rh\u00f4ne. The&#8230;<\/p>\n","protected":false},"author":23,"featured_media":0,"parent":0,"menu_order":0,"comment_status":"closed","ping_status":"closed","template":"","meta":{"_kadence_starter_templates_imported_post":false,"_kad_post_transparent":"","_kad_post_title":"","_kad_post_layout":"","_kad_post_sidebar_id":"","_kad_post_content_style":"","_kad_post_vertical_padding":"","_kad_post_feature":"","_kad_post_feature_position":"","_kad_post_header":false,"_kad_post_footer":false,"_kad_post_classname":"","footnotes":""},"class_list":["post-1699","page","type-page","status-publish","hentry"],"_links":{"self":[{"href":"https:\/\/web.msh-lse.fr\/covimob\/wp-json\/wp\/v2\/pages\/1699","targetHints":{"allow":["GET"]}}],"collection":[{"href":"https:\/\/web.msh-lse.fr\/covimob\/wp-json\/wp\/v2\/pages"}],"about":[{"href":"https:\/\/web.msh-lse.fr\/covimob\/wp-json\/wp\/v2\/types\/page"}],"author":[{"embeddable":true,"href":"https:\/\/web.msh-lse.fr\/covimob\/wp-json\/wp\/v2\/users\/23"}],"replies":[{"embeddable":true,"href":"https:\/\/web.msh-lse.fr\/covimob\/wp-json\/wp\/v2\/comments?post=1699"}],"version-history":[{"count":34,"href":"https:\/\/web.msh-lse.fr\/covimob\/wp-json\/wp\/v2\/pages\/1699\/revisions"}],"predecessor-version":[{"id":2345,"href":"https:\/\/web.msh-lse.fr\/covimob\/wp-json\/wp\/v2\/pages\/1699\/revisions\/2345"}],"wp:attachment":[{"href":"https:\/\/web.msh-lse.fr\/covimob\/wp-json\/wp\/v2\/media?parent=1699"}],"curies":[{"name":"wp","href":"https:\/\/api.w.org\/{rel}","templated":true}]}}